Last updated on 2024-05-07 18:49:58 CEST.
Flavor | Version | Tinstall | Tcheck | Ttotal | Status | Flags |
---|---|---|---|---|---|---|
r-devel-linux-x86_64-debian-clang | 0.1.6 | 5.57 | 82.85 | 88.42 | OK | |
r-devel-linux-x86_64-debian-gcc | 0.1.6 | 3.91 | 62.01 | 65.92 | OK | |
r-devel-linux-x86_64-fedora-clang | 0.1.6 | 121.26 | NOTE | |||
r-devel-linux-x86_64-fedora-gcc | 0.1.6 | 127.68 | NOTE | |||
r-devel-windows-x86_64 | 0.1.6 | 7.00 | 82.00 | 89.00 | OK | |
r-patched-linux-x86_64 | 0.1.6 | 6.10 | 79.17 | 85.27 | OK | |
r-release-linux-x86_64 | 0.1.6 | 3.90 | 82.75 | 86.65 | OK | |
r-release-macos-arm64 | 0.1.6 | 42.00 | OK | |||
r-release-windows-x86_64 | 0.1.6 | 7.00 | 81.00 | 88.00 | OK | |
r-oldrel-macos-arm64 | 0.1.6 | 42.00 | OK | |||
r-oldrel-macos-x86_64 | 0.1.6 | 71.00 | OK | |||
r-oldrel-windows-x86_64 | 0.1.6 | 8.00 | 96.00 | 104.00 | OK |
Version: 0.1.6
Check: dependencies in R code
Result: NOTE
Namespace in Imports field not imported from: ‘tidyr’
All declared Imports should be used.
Flavors: r-devel-linux-x86_64-fedora-clang, r-devel-linux-x86_64-fedora-gcc