Last updated on 2024-04-19 19:50:25 CEST.
Flavor | Version | Tinstall | Tcheck | Ttotal | Status | Flags |
---|---|---|---|---|---|---|
r-devel-linux-x86_64-debian-clang | 0.1.6.2 | 43.50 | 36.92 | 80.42 | NOTE | |
r-devel-linux-x86_64-debian-gcc | 0.1.6.2 | NOTE | ||||
r-devel-linux-x86_64-fedora-clang | 0.1.6.2 | 110.64 | NOTE | |||
r-devel-linux-x86_64-fedora-gcc | 0.1.6.2 | 108.20 | NOTE | |||
r-prerel-macos-arm64 | 0.1.6.2 | 10.00 | ERROR | |||
r-prerel-macos-x86_64 | 0.1.6.2 | 17.00 | ERROR | |||
r-prerel-windows-x86_64 | 0.1.6.2 | 34.00 | 69.00 | 103.00 | NOTE | |
r-patched-linux-x86_64 | 0.1.6.2 | 43.72 | 34.84 | 78.56 | NOTE | |
r-release-linux-x86_64 | 0.1.6.2 | 45.65 | 34.66 | 80.31 | NOTE | |
r-release-macos-arm64 | 0.1.6.2 | 16.00 | ERROR | |||
r-release-macos-x86_64 | 0.1.6.2 | 16.00 | ERROR | |||
r-release-windows-x86_64 | 0.1.6.2 | 41.00 | 72.00 | 113.00 | NOTE | |
r-oldrel-macos-arm64 | 0.1.6.2 | 15.00 | ERROR | |||
r-oldrel-windows-x86_64 | 0.1.6.2 | 37.00 | 73.00 | 110.00 | NOTE |
Version: 0.1.6.2
Check: LazyData
Result: NOTE
'LazyData' is specified without a 'data' directory
Flavors: r-devel-linux-x86_64-debian-clang, r-devel-linux-x86_64-debian-gcc, r-devel-linux-x86_64-fedora-clang, r-devel-linux-x86_64-fedora-gcc, r-prerel-windows-x86_64, r-patched-linux-x86_64, r-release-linux-x86_64, r-release-windows-x86_64, r-oldrel-windows-x86_64
Version: 0.1.6.2
Check: whether package can be installed
Result: ERROR
Installation failed.
Flavors: r-prerel-macos-arm64, r-prerel-macos-x86_64, r-release-macos-arm64, r-release-macos-x86_64, r-oldrel-macos-arm64