Last updated on 2024-04-23 18:51:09 CEST.
Flavor | Version | Tinstall | Tcheck | Ttotal | Status | Flags |
---|---|---|---|---|---|---|
r-devel-linux-x86_64-debian-clang | 1.2.1 | 25.01 | 210.19 | 235.20 | OK | |
r-devel-linux-x86_64-debian-gcc | 1.2.1 | 16.82 | 147.84 | 164.66 | OK | |
r-devel-linux-x86_64-fedora-clang | 1.2.1 | 280.52 | NOTE | |||
r-devel-linux-x86_64-fedora-gcc | 1.2.1 | 271.65 | OK | |||
r-prerel-macos-arm64 | 1.2.1 | 67.00 | OK | |||
r-prerel-macos-x86_64 | 1.2.1 | 201.00 | OK | |||
r-prerel-windows-x86_64 | 1.2.1 | 20.00 | 149.00 | 169.00 | OK | |
r-patched-linux-x86_64 | 1.2.1 | 21.09 | 193.44 | 214.53 | OK | |
r-release-linux-x86_64 | 1.2.1 | 23.76 | 194.34 | 218.10 | OK | |
r-release-macos-arm64 | 1.2.1 | 84.00 | OK | |||
r-release-macos-x86_64 | 1.2.1 | 187.00 | OK | |||
r-release-windows-x86_64 | 1.2.1 | 25.00 | 186.00 | 211.00 | OK | |
r-oldrel-macos-arm64 | 1.2.1 | 78.00 | OK | |||
r-oldrel-windows-x86_64 | 1.2.1 | 25.00 | 189.00 | 214.00 | OK |
Version: 1.2.1
Check: Rd cross-references
Result: NOTE
Undeclared package ‘ROptEst’ in Rd xrefs
Flavor: r-devel-linux-x86_64-fedora-clang