Last updated on 2024-05-07 06:56:09 CEST.
Flavor | Version | Tinstall | Tcheck | Ttotal | Status | Flags |
---|---|---|---|---|---|---|
r-devel-linux-x86_64-debian-clang | 0.1.0 | 30.88 | 31.50 | 62.38 | NOTE | |
r-devel-linux-x86_64-debian-gcc | 0.1.0 | 20.85 | 24.38 | 45.23 | NOTE | |
r-devel-linux-x86_64-fedora-clang | 0.1.0 | 87.62 | NOTE | |||
r-devel-linux-x86_64-fedora-gcc | 0.1.0 | 125.66 | NOTE | |||
r-devel-windows-x86_64 | 0.1.0 | 26.00 | 61.00 | 87.00 | NOTE | |
r-patched-linux-x86_64 | 0.1.0 | 31.15 | 29.90 | 61.05 | NOTE | |
r-release-linux-x86_64 | 0.1.0 | 33.46 | 30.58 | 64.04 | NOTE | |
r-release-macos-arm64 | 0.1.0 | 25.00 | NOTE | |||
r-release-windows-x86_64 | 0.1.0 | 25.00 | 63.00 | 88.00 | NOTE | |
r-oldrel-macos-arm64 | 0.1.0 | 26.00 | NOTE | |||
r-oldrel-macos-x86_64 | 0.1.0 | 43.00 | NOTE | |||
r-oldrel-windows-x86_64 | 0.1.0 | 31.00 | 66.00 | 97.00 | NOTE |
Version: 0.1.0
Check: C++ specification
Result: NOTE
Specified C++11: please drop specification unless essential
Flavors: r-devel-linux-x86_64-debian-clang, r-devel-linux-x86_64-debian-gcc, r-devel-linux-x86_64-fedora-clang, r-devel-linux-x86_64-fedora-gcc, r-devel-windows-x86_64, r-patched-linux-x86_64, r-release-linux-x86_64, r-release-macos-arm64, r-release-windows-x86_64, r-oldrel-macos-arm64, r-oldrel-macos-x86_64, r-oldrel-windows-x86_64