CRAN Package Check Results for Package SLHD

Last updated on 2018-10-21 06:47:01 CEST.

Flavor Version Tinstall Tcheck Ttotal Status Flags
r-devel-linux-x86_64-debian-clang 2.1-1 2.05 16.75 18.80 OK
r-devel-linux-x86_64-debian-gcc 2.1-1 1.66 13.59 15.25 OK
r-devel-linux-x86_64-fedora-clang 2.1-1 23.03 NOTE
r-devel-linux-x86_64-fedora-gcc 2.1-1 21.36 NOTE
r-devel-windows-ix86+x86_64 2.1-1 9.00 50.00 59.00 OK
r-patched-linux-x86_64 2.1-1 1.44 15.11 16.55 OK
r-patched-solaris-x86 2.1-1 34.70 OK
r-release-linux-x86_64 2.1-1 1.80 15.08 16.88 OK
r-release-windows-ix86+x86_64 2.1-1 7.00 31.00 38.00 OK
r-release-osx-x86_64 2.1-1 OK
r-oldrel-windows-ix86+x86_64 2.1-1 7.00 29.00 36.00 OK
r-oldrel-osx-x86_64 2.1-1 OK

Check Details

Version: 2.1-1
Check: compiled code
Result: NOTE
    File ‘SLHD/libs/SLHD.so’:
     Found no calls to: ‘R_registerRoutines’, ‘R_useDynamicSymbols’
    
    It is good practice to register native routines and to disable symbol
    search.
    
    See ‘Writing portable packages’ in the ‘Writing R Extensions’ manual.
Flavors: r-devel-linux-x86_64-fedora-clang, r-devel-linux-x86_64-fedora-gcc