CRAN Package Check Results for Package SLHD

Last updated on 2018-01-20 16:46:59 CET.

Flavor Version Tinstall Tcheck Ttotal Status Flags
r-devel-linux-x86_64-debian-clang 2.1-1 1.91 15.27 17.18 NOTE
r-devel-linux-x86_64-debian-gcc 2.1-1 1.38 12.13 13.51 NOTE
r-devel-linux-x86_64-fedora-clang 2.1-1 21.57 NOTE
r-devel-linux-x86_64-fedora-gcc 2.1-1 19.48 NOTE
r-devel-windows-ix86+x86_64 2.1-1 6.00 31.00 37.00 OK
r-patched-linux-x86_64 2.1-1 1.51 13.62 15.13 NOTE
r-patched-solaris-x86 2.1-1 31.30 OK
r-release-linux-x86_64 2.1-1 1.94 13.63 15.57 NOTE
r-release-windows-ix86+x86_64 2.1-1 7.00 29.00 36.00 OK
r-release-osx-x86_64 2.1-1 OK
r-oldrel-windows-ix86+x86_64 2.1-1 7.00 25.00 32.00 OK
r-oldrel-osx-x86_64 2.1-1 OK

Check Details

Version: 2.1-1
Check: compiled code
Result: NOTE
    File ‘SLHD/libs/SLHD.so’:
     Found no calls to: ‘R_registerRoutines’, ‘R_useDynamicSymbols’
    
    It is good practice to register native routines and to disable symbol
    search.
    
    See ‘Writing portable packages’ in the ‘Writing R Extensions’ manual.
Flavors: r-devel-linux-x86_64-debian-clang, r-devel-linux-x86_64-debian-gcc, r-devel-linux-x86_64-fedora-clang, r-devel-linux-x86_64-fedora-gcc, r-patched-linux-x86_64, r-release-linux-x86_64