CRAN Package Check Results for Package SLHD

Last updated on 2018-07-19 18:49:40 CEST.

Flavor Version Tinstall Tcheck Ttotal Status Flags
r-devel-linux-x86_64-debian-clang 2.1-1 2.23 14.35 16.58 NOTE
r-devel-linux-x86_64-debian-gcc 2.1-1 1.57 12.93 14.50 NOTE
r-devel-linux-x86_64-fedora-clang 2.1-1 21.51 NOTE
r-devel-linux-x86_64-fedora-gcc 2.1-1 20.18 NOTE
r-devel-windows-ix86+x86_64 2.1-1 9.00 35.00 44.00 OK
r-patched-linux-x86_64 2.1-1 1.66 15.50 17.16 NOTE
r-patched-solaris-x86 2.1-1 34.20 OK
r-release-linux-x86_64 2.1-1 1.87 15.26 17.13 NOTE
r-release-windows-ix86+x86_64 2.1-1 7.00 31.00 38.00 OK
r-release-osx-x86_64 2.1-1 OK
r-oldrel-windows-ix86+x86_64 2.1-1 7.00 29.00 36.00 OK
r-oldrel-osx-x86_64 2.1-1 OK

Check Details

Version: 2.1-1
Check: compiled code
Result: NOTE
    File ‘SLHD/libs/SLHD.so’:
     Found no calls to: ‘R_registerRoutines’, ‘R_useDynamicSymbols’
    
    It is good practice to register native routines and to disable symbol
    search.
    
    See ‘Writing portable packages’ in the ‘Writing R Extensions’ manual.
Flavors: r-devel-linux-x86_64-debian-clang, r-devel-linux-x86_64-debian-gcc, r-devel-linux-x86_64-fedora-clang, r-devel-linux-x86_64-fedora-gcc, r-patched-linux-x86_64, r-release-linux-x86_64