Last updated on 2018-04-20 18:55:38 CEST.
Flavor | Version | Tinstall | Tcheck | Ttotal | Status | Flags |
---|---|---|---|---|---|---|
r-devel-linux-x86_64-debian-clang | 2.1-1 | 1.70 | 15.40 | 17.10 | NOTE | |
r-devel-linux-x86_64-debian-gcc | 2.1-1 | 1.55 | 12.27 | 13.82 | NOTE | |
r-devel-linux-x86_64-fedora-clang | 2.1-1 | 20.65 | NOTE | |||
r-devel-linux-x86_64-fedora-gcc | 2.1-1 | 19.31 | NOTE | |||
r-devel-windows-ix86+x86_64 | 2.1-1 | 7.00 | 41.00 | 48.00 | OK | |
r-devel-osx-x86_64 | 2.1-1 | OK | ||||
r-patched-linux-x86_64 | 2.1-1 | 1.95 | 15.02 | 16.97 | NOTE | |
r-patched-solaris-x86 | 2.1-1 | 33.40 | OK | |||
r-release-linux-x86_64 | 2.1-1 | 1.88 | 13.95 | 15.83 | NOTE | |
r-release-windows-ix86+x86_64 | 2.1-1 | 7.00 | 29.00 | 36.00 | OK | |
r-release-osx-x86_64 | 2.1-1 | OK | ||||
r-oldrel-windows-ix86+x86_64 | 2.1-1 | 7.00 | 25.00 | 32.00 | OK |
Version: 2.1-1
Check: compiled code
Result: NOTE
File ‘SLHD/libs/SLHD.so’:
Found no calls to: ‘R_registerRoutines’, ‘R_useDynamicSymbols’
It is good practice to register native routines and to disable symbol
search.
See ‘Writing portable packages’ in the ‘Writing R Extensions’ manual.
Flavors: r-devel-linux-x86_64-debian-clang, r-devel-linux-x86_64-debian-gcc, r-devel-linux-x86_64-fedora-clang, r-devel-linux-x86_64-fedora-gcc, r-patched-linux-x86_64, r-release-linux-x86_64