Last updated on 2024-05-07 18:50:01 CEST.
Flavor | Version | Tinstall | Tcheck | Ttotal | Status | Flags |
---|---|---|---|---|---|---|
r-devel-linux-x86_64-debian-clang | 1.0.2 | 27.46 | 1148.98 | 1176.44 | OK | |
r-devel-linux-x86_64-debian-gcc | 1.0.2 | 20.96 | 743.32 | 764.28 | OK | |
r-devel-linux-x86_64-fedora-clang | 1.0.2 | 1341.92 | NOTE | |||
r-devel-linux-x86_64-fedora-gcc | 1.0.2 | 1355.18 | NOTE | |||
r-devel-windows-x86_64 | 1.0.2 | 21.00 | 917.00 | 938.00 | OK | |
r-patched-linux-x86_64 | 1.0.2 | 25.41 | 1060.98 | 1086.39 | OK | |
r-release-linux-x86_64 | 1.0.2 | 26.44 | 1066.93 | 1093.37 | OK | |
r-release-macos-arm64 | 1.0.2 | 311.00 | OK | |||
r-release-macos-x86_64 | 1.0.2 | 997.00 | OK | |||
r-release-windows-x86_64 | 1.0.2 | 21.00 | 894.00 | 915.00 | OK | |
r-oldrel-macos-arm64 | 1.0.2 | 352.00 | OK | |||
r-oldrel-macos-x86_64 | 1.0.2 | 888.00 | OK | |||
r-oldrel-windows-x86_64 | 1.0.2 | 22.00 | 1014.00 | 1036.00 | OK |
Version: 1.0.2
Check: dependencies in R code
Result: NOTE
Namespaces in Imports field not imported from:
‘evd’ ‘truncnorm’
All declared Imports should be used.
Flavors: r-devel-linux-x86_64-fedora-clang, r-devel-linux-x86_64-fedora-gcc