Last updated on 2024-05-07 06:56:11 CEST.
Flavor | Version | Tinstall | Tcheck | Ttotal | Status | Flags |
---|---|---|---|---|---|---|
r-devel-linux-x86_64-debian-clang | 1.4.0 | 57.54 | 438.68 | 496.22 | NOTE | |
r-devel-linux-x86_64-debian-gcc | 1.4.0 | 45.70 | 306.48 | 352.18 | NOTE | |
r-devel-linux-x86_64-fedora-clang | 1.4.0 | 601.42 | NOTE | |||
r-devel-linux-x86_64-fedora-gcc | 1.4.0 | 745.68 | OK | |||
r-devel-windows-x86_64 | 1.4.0 | 44.00 | 271.00 | 315.00 | NOTE | |
r-patched-linux-x86_64 | 1.4.0 | 39.93 | 417.56 | 457.49 | NOTE | |
r-release-linux-x86_64 | 1.4.0 | 36.95 | 406.62 | 443.57 | NOTE | |
r-release-macos-arm64 | 1.4.0 | 120.00 | NOTE | |||
r-release-macos-x86_64 | 1.4.0 | 397.00 | NOTE | |||
r-release-windows-x86_64 | 1.4.0 | 44.00 | 269.00 | 313.00 | NOTE | |
r-oldrel-macos-arm64 | 1.4.0 | 141.00 | NOTE | |||
r-oldrel-macos-x86_64 | 1.4.0 | 293.00 | NOTE | |||
r-oldrel-windows-x86_64 | 1.4.0 | 61.00 | 370.00 | 431.00 | NOTE |
Version: 1.4.0
Check: package dependencies
Result: NOTE
Package suggested but not available for checking: ‘INLA’
Flavors: r-devel-linux-x86_64-debian-clang, r-devel-linux-x86_64-debian-gcc, r-patched-linux-x86_64, r-release-linux-x86_64, r-release-macos-arm64, r-release-macos-x86_64, r-oldrel-macos-arm64, r-oldrel-macos-x86_64, r-oldrel-windows-x86_64
Version: 1.4.0
Check: installed package size
Result: NOTE
installed size is 5.7Mb
sub-directories of 1Mb or more:
data 1.8Mb
doc 3.1Mb
Flavors: r-devel-linux-x86_64-fedora-clang, r-devel-windows-x86_64, r-release-macos-arm64, r-release-macos-x86_64, r-release-windows-x86_64, r-oldrel-macos-arm64, r-oldrel-macos-x86_64, r-oldrel-windows-x86_64