Last updated on 2024-04-18 18:58:04 CEST.
Flavor | Version | Tinstall | Tcheck | Ttotal | Status | Flags |
---|---|---|---|---|---|---|
r-devel-linux-x86_64-debian-clang | 1.0.2 | 3.04 | 36.62 | 39.66 | OK | |
r-devel-linux-x86_64-debian-gcc | 1.0.2 | 2.35 | 28.45 | 30.80 | OK | |
r-devel-linux-x86_64-fedora-clang | 1.0.2 | 49.67 | OK | |||
r-devel-linux-x86_64-fedora-gcc | 1.0.2 | 47.25 | OK | |||
r-prerel-macos-arm64 | 1.0.2 | 20.00 | OK | |||
r-prerel-windows-x86_64 | 1.0.2 | 4.00 | 56.00 | 60.00 | OK | |
r-patched-linux-x86_64 | 1.0.2 | 3.01 | 35.30 | 38.31 | OK | |
r-release-linux-x86_64 | 1.0.2 | 2.00 | 35.57 | 37.57 | OK | |
r-release-macos-arm64 | 1.0.2 | 20.00 | OK | |||
r-release-macos-x86_64 | 1.0.2 | 29.00 | NOTE | |||
r-release-windows-x86_64 | 1.0.2 | 4.00 | 54.00 | 58.00 | OK | |
r-oldrel-macos-arm64 | 1.0.2 | 21.00 | OK | |||
r-oldrel-windows-x86_64 | 1.0.2 | 5.00 | 60.00 | 65.00 | OK |
Version: 1.0.2
Check: package dependencies
Result: NOTE
Package suggested but not available for checking: ‘Ecdat’
Flavor: r-release-macos-x86_64