Last updated on 2024-04-19 19:50:27 CEST.
Flavor | Version | Tinstall | Tcheck | Ttotal | Status | Flags |
---|---|---|---|---|---|---|
r-devel-linux-x86_64-debian-clang | 3.4 | 68.48 | 159.41 | 227.89 | OK | |
r-devel-linux-x86_64-debian-gcc | 3.4 | OK | ||||
r-devel-linux-x86_64-fedora-clang | 3.4 | 268.96 | OK | |||
r-devel-linux-x86_64-fedora-gcc | 3.4 | 311.02 | OK | |||
r-prerel-macos-arm64 | 3.4 | 75.00 | WARN | |||
r-prerel-windows-x86_64 | 3.4 | 83.00 | 144.00 | 227.00 | OK | |
r-patched-linux-x86_64 | 3.4 | 83.64 | 143.09 | 226.73 | OK | |
r-release-linux-x86_64 | 3.4 | 82.20 | 150.62 | 232.82 | OK | |
r-release-macos-arm64 | 3.4 | 84.00 | WARN | |||
r-release-macos-x86_64 | 3.4 | 148.00 | NOTE | |||
r-release-windows-x86_64 | 3.4 | 97.00 | 169.00 | 266.00 | OK | |
r-oldrel-macos-arm64 | 3.4 | 62.00 | NOTE | |||
r-oldrel-windows-x86_64 | 3.4 | 91.00 | 155.00 | 246.00 | OK |
Version: 3.4
Check: installed package size
Result: NOTE
installed size is 6.9Mb
sub-directories of 1Mb or more:
libs 5.8Mb
Flavors: r-prerel-macos-arm64, r-release-macos-arm64, r-release-macos-x86_64, r-oldrel-macos-arm64
Version: 3.4
Check: re-building of vignette outputs
Result: WARN
Error(s) in re-building vignettes:
...
--- re-building ‘SemiCompRisks.ltx’ using tex
Error: processing vignette 'SemiCompRisks.ltx' failed with diagnostics:
Running 'texi2dvi' on 'SemiCompRisks.ltx' failed.
LaTeX errors:
!pdfTeX error: pdflatex (file bbm8): Font bbm8 at 600 not found
==> Fatal error occurred, no output PDF file produced!
--- failed re-building ‘SemiCompRisks.ltx’
SUMMARY: processing the following file failed:
‘SemiCompRisks.ltx’
Error: Vignette re-building failed.
Execution halted
Flavors: r-prerel-macos-arm64, r-release-macos-arm64