Last updated on 2024-04-19 19:50:27 CEST.
Flavor | Version | Tinstall | Tcheck | Ttotal | Status | Flags |
---|---|---|---|---|---|---|
r-devel-linux-x86_64-debian-clang | 0.1 | 9.22 | 69.61 | 78.83 | NOTE | |
r-devel-linux-x86_64-debian-gcc | 0.1 | NOTE | ||||
r-devel-linux-x86_64-fedora-clang | 0.1 | 95.94 | NOTE | |||
r-devel-linux-x86_64-fedora-gcc | 0.1 | 93.67 | NOTE | |||
r-prerel-macos-arm64 | 0.1 | 31.00 | OK | |||
r-prerel-windows-x86_64 | 0.1 | 8.00 | 69.00 | 77.00 | OK | |
r-patched-linux-x86_64 | 0.1 | 9.16 | 67.01 | 76.17 | NOTE | |
r-release-linux-x86_64 | 0.1 | 8.83 | 68.04 | 76.87 | NOTE | |
r-release-macos-arm64 | 0.1 | 35.00 | OK | |||
r-release-macos-x86_64 | 0.1 | 50.00 | OK | |||
r-release-windows-x86_64 | 0.1 | 9.00 | 79.00 | 88.00 | OK | |
r-oldrel-macos-arm64 | 0.1 | 29.00 | OK | |||
r-oldrel-windows-x86_64 | 0.1 | 10.00 | 85.00 | 95.00 | OK |
Version: 0.1
Check: for non-standard things in the check directory
Result: NOTE
Found the following files/directories:
‘database.csv’ ‘output.csv’ ‘output_clst.csv’
Flavors: r-devel-linux-x86_64-debian-clang, r-devel-linux-x86_64-debian-gcc, r-devel-linux-x86_64-fedora-clang, r-devel-linux-x86_64-fedora-gcc, r-patched-linux-x86_64, r-release-linux-x86_64