Last updated on 2024-04-18 06:57:57 CEST.
Flavor | Version | Tinstall | Tcheck | Ttotal | Status | Flags |
---|---|---|---|---|---|---|
r-devel-linux-x86_64-debian-clang | 3.0.0 | 3.56 | 44.18 | 47.74 | NOTE | |
r-devel-linux-x86_64-debian-gcc | 3.0.0 | 2.70 | 33.22 | 35.92 | NOTE | |
r-devel-linux-x86_64-fedora-clang | 3.0.0 | 58.80 | NOTE | |||
r-devel-linux-x86_64-fedora-gcc | 3.0.0 | 56.63 | NOTE | |||
r-prerel-macos-arm64 | 3.0.0 | 22.00 | NOTE | |||
r-prerel-windows-x86_64 | 3.0.0 | 4.00 | 55.00 | 59.00 | NOTE | |
r-patched-linux-x86_64 | 3.0.0 | 3.72 | 41.87 | 45.59 | NOTE | |
r-release-linux-x86_64 | 3.0.0 | 3.57 | 42.75 | 46.32 | NOTE | |
r-release-macos-arm64 | 3.0.0 | 24.00 | NOTE | |||
r-release-macos-x86_64 | 3.0.0 | 31.00 | NOTE | |||
r-release-windows-x86_64 | 3.0.0 | 5.00 | 63.00 | 68.00 | NOTE | |
r-oldrel-macos-arm64 | 3.0.0 | 22.00 | NOTE | |||
r-oldrel-windows-x86_64 | 3.0.0 | 5.00 | 69.00 | 74.00 | OK |
Version: 3.0.0
Check: dependencies in R code
Result: NOTE
There are ::: calls to the package's namespace in its code. A package
almost never needs to use ::: for its own objects:
‘lseq’
Flavors: r-devel-linux-x86_64-debian-clang, r-devel-linux-x86_64-debian-gcc, r-prerel-macos-arm64, r-prerel-windows-x86_64, r-patched-linux-x86_64, r-release-linux-x86_64, r-release-macos-arm64, r-release-macos-x86_64, r-release-windows-x86_64
Version: 3.0.0
Check: dependencies in R code
Result: NOTE
Namespace in Imports field not imported from: ‘nlme’
All declared Imports should be used.
There are ::: calls to the package's namespace in its code. A package
almost never needs to use ::: for its own objects:
‘lseq’
Flavors: r-devel-linux-x86_64-fedora-clang, r-devel-linux-x86_64-fedora-gcc
Version: 3.0.0
Check: dependencies in R code
Result: NOTE
Namespace in Imports field not imported from: ‘nlme’
All declared Imports should be used.
Flavor: r-oldrel-macos-arm64