Last updated on 2024-05-07 06:56:10 CEST.
Flavor | Version | Tinstall | Tcheck | Ttotal | Status | Flags |
---|---|---|---|---|---|---|
r-devel-linux-x86_64-debian-clang | 1.6.2 | 78.83 | 354.00 | 432.83 | NOTE | |
r-devel-linux-x86_64-debian-gcc | 1.6.2 | 64.89 | 260.96 | 325.85 | OK | |
r-devel-linux-x86_64-fedora-clang | 1.6.2 | 581.04 | NOTE | |||
r-devel-linux-x86_64-fedora-gcc | 1.6.2 | 669.83 | OK | |||
r-devel-windows-x86_64 | 1.6.2 | 68.00 | 252.00 | 320.00 | NOTE | |
r-patched-linux-x86_64 | 1.6.2 | 72.74 | 332.51 | 405.25 | OK | |
r-release-linux-x86_64 | 1.6.2 | 51.29 | 327.37 | 378.66 | OK | |
r-release-macos-arm64 | 1.6.2 | 161.00 | NOTE | |||
r-release-windows-x86_64 | 1.6.2 | 67.00 | 255.00 | 322.00 | NOTE | |
r-oldrel-macos-arm64 | 1.6.2 | 161.00 | NOTE | |||
r-oldrel-macos-x86_64 | 1.6.2 | 253.00 | NOTE | |||
r-oldrel-windows-x86_64 | 1.6.2 | 94.00 | 326.00 | 420.00 | NOTE |
Version: 1.6.2
Check: package dependencies
Result: NOTE
Package suggested but not available for checking: ‘DropletUtils’
Flavors: r-devel-linux-x86_64-debian-clang, r-release-macos-arm64, r-oldrel-macos-arm64, r-oldrel-macos-x86_64
Version: 1.6.2
Check: installed package size
Result: NOTE
installed size is 5.8Mb
sub-directories of 1Mb or more:
data 3.9Mb
doc 1.0Mb
Flavors: r-devel-linux-x86_64-fedora-clang, r-devel-windows-x86_64, r-release-macos-arm64, r-release-windows-x86_64, r-oldrel-macos-arm64, r-oldrel-macos-x86_64, r-oldrel-windows-x86_64