Last updated on 2024-03-28 17:49:43 CET.
Flavor | Version | Tinstall | Tcheck | Ttotal | Status | Flags |
---|---|---|---|---|---|---|
r-devel-linux-x86_64-debian-clang | 1.81 | 16.73 | 56.99 | 73.72 | NOTE | |
r-devel-linux-x86_64-debian-gcc | 1.81 | 9.83 | 42.53 | 52.36 | NOTE | |
r-devel-linux-x86_64-fedora-clang | 1.81 | 92.55 | NOTE | |||
r-devel-linux-x86_64-fedora-gcc | 1.81 | 100.24 | NOTE | |||
r-devel-windows-x86_64 | 1.81 | 19.00 | 73.00 | 92.00 | NOTE | |
r-patched-linux-x86_64 | 1.81 | 14.97 | 53.67 | 68.64 | NOTE | |
r-release-linux-x86_64 | 1.81 | 12.81 | 54.86 | 67.67 | OK | |
r-release-macos-arm64 | 1.81 | 40.00 | OK | |||
r-release-macos-x86_64 | 1.81 | 65.00 | OK | |||
r-release-windows-x86_64 | 1.81 | 24.00 | 78.00 | 102.00 | OK | |
r-oldrel-macos-arm64 | 1.81 | 37.00 | OK | |||
r-oldrel-windows-x86_64 | 1.81 | 27.00 | 96.00 | 123.00 | OK |
Version: 1.81
Check: Rd files
Result: NOTE
checkRd: (-1) lsq.Rd:12-13: Lost braces in \itemize; meant \describe ?
checkRd: (-1) lsq.Rd:13-14: Lost braces in \itemize; meant \describe ?
checkRd: (-1) lsq.Rd:14-15: Lost braces in \itemize; meant \describe ?
checkRd: (-1) lsq.Rd:15-16: Lost braces in \itemize; meant \describe ?
checkRd: (-1) lsq.Rd:17-18: Lost braces in \itemize; meant \describe ?
checkRd: (-1) lsq.Rd:19-20: Lost braces in \itemize; meant \describe ?
checkRd: (-1) lsq.Rd:21-22: Lost braces in \itemize; meant \describe ?
checkRd: (-1) lsq.Rd:22-23: Lost braces in \itemize; meant \describe ?
checkRd: (-1) lsq.Rd:24: Lost braces in \itemize; meant \describe ?
checkRd: (-1) lsq.Rd:25: Lost braces in \itemize; meant \describe ?
checkRd: (-1) lsq.Rd:26-27: Lost braces in \itemize; meant \describe ?
Flavors: r-devel-linux-x86_64-debian-clang, r-devel-linux-x86_64-debian-gcc, r-devel-linux-x86_64-fedora-clang, r-devel-linux-x86_64-fedora-gcc, r-devel-windows-x86_64, r-patched-linux-x86_64