Last updated on 2024-04-24 18:52:53 CEST.
Flavor | Version | Tinstall | Tcheck | Ttotal | Status | Flags |
---|---|---|---|---|---|---|
r-devel-linux-x86_64-debian-clang | 1.3.5 | 50.81 | 119.89 | 170.70 | NOTE | |
r-devel-linux-x86_64-debian-gcc | 1.3.5 | 38.39 | 98.89 | 137.28 | NOTE | |
r-devel-linux-x86_64-fedora-clang | 1.3.5 | 230.06 | NOTE | |||
r-devel-linux-x86_64-fedora-gcc | 1.3.5 | 267.84 | NOTE | |||
r-devel-windows-x86_64 | 1.3.5 | 44.00 | 115.00 | 159.00 | NOTE | |
r-patched-linux-x86_64 | 1.3.5 | 54.14 | 125.10 | 179.24 | NOTE | |
r-release-linux-x86_64 | 1.3.5 | 53.43 | 124.33 | 177.76 | NOTE | |
r-release-macos-arm64 | 1.3.5 | 60.00 | NOTE | |||
r-release-windows-x86_64 | 1.3.5 | 45.00 | 112.00 | 157.00 | NOTE | |
r-oldrel-macos-arm64 | 1.3.5 | 66.00 | NOTE | |||
r-oldrel-macos-x86_64 | 1.3.5 | 128.00 | NOTE | |||
r-oldrel-windows-x86_64 | 1.3.5 | 58.00 | 132.00 | 190.00 | NOTE |
Version: 1.3.5
Check: for GNU extensions in Makefiles
Result: NOTE
GNU make is a SystemRequirements.
Flavors: r-devel-linux-x86_64-debian-clang, r-devel-linux-x86_64-debian-gcc, r-devel-linux-x86_64-fedora-clang, r-devel-linux-x86_64-fedora-gcc, r-devel-windows-x86_64, r-patched-linux-x86_64, r-release-linux-x86_64, r-release-macos-arm64, r-release-windows-x86_64, r-oldrel-macos-arm64, r-oldrel-macos-x86_64, r-oldrel-windows-x86_64
Version: 1.3.5
Check: installed package size
Result: NOTE
installed size is 6.0Mb
sub-directories of 1Mb or more:
doc 1.8Mb
libs 4.1Mb
Flavors: r-release-macos-arm64, r-oldrel-macos-arm64, r-oldrel-macos-x86_64