Last updated on 2024-03-28 06:01:39 CET.
Flavor | Version | Tinstall | Tcheck | Ttotal | Status | Flags |
---|---|---|---|---|---|---|
r-devel-linux-x86_64-debian-clang | 1.5 | 6.21 | 66.81 | 73.02 | NOTE | |
r-devel-linux-x86_64-debian-gcc | 1.5 | 4.42 | 48.83 | 53.25 | NOTE | |
r-devel-linux-x86_64-fedora-clang | 1.5 | 85.69 | NOTE | |||
r-devel-linux-x86_64-fedora-gcc | 1.5 | 84.02 | NOTE | |||
r-devel-windows-x86_64 | 1.5 | 6.00 | 66.00 | 72.00 | NOTE | |
r-patched-linux-x86_64 | 1.5 | 4.19 | 64.03 | 68.22 | OK | |
r-release-linux-x86_64 | 1.5 | 3.63 | 62.29 | 65.92 | OK | |
r-release-macos-arm64 | 1.5 | 26.00 | OK | |||
r-release-macos-x86_64 | 1.5 | 40.00 | OK | |||
r-release-windows-x86_64 | 1.5 | 9.00 | 73.00 | 82.00 | OK | |
r-oldrel-macos-arm64 | 1.5 | 24.00 | OK | |||
r-oldrel-windows-x86_64 | 1.5 | 10.00 | 80.00 | 90.00 | OK |
Version: 1.5
Check: Rd files
Result: NOTE
checkRd: (-1) adaptIntegrateSpherePolar.Rd:14: Lost braces
14 | code{adaptIntegrateBallPolar()} will likely miss these abrupt changes and give
| ^
Flavors: r-devel-linux-x86_64-debian-clang, r-devel-linux-x86_64-debian-gcc, r-devel-linux-x86_64-fedora-clang, r-devel-linux-x86_64-fedora-gcc, r-devel-windows-x86_64