Last updated on 2024-03-28 06:01:39 CET.
Flavor | Version | Tinstall | Tcheck | Ttotal | Status | Flags |
---|---|---|---|---|---|---|
r-devel-linux-x86_64-debian-clang | 1.5.0 | 29.11 | 322.60 | 351.71 | OK | |
r-devel-linux-x86_64-debian-gcc | 1.5.0 | 20.24 | 239.30 | 259.54 | OK | |
r-devel-linux-x86_64-fedora-clang | 1.5.0 | 480.26 | NOTE | |||
r-devel-linux-x86_64-fedora-gcc | 1.5.0 | 485.61 | OK | |||
r-devel-windows-x86_64 | 1.5.0 | 20.00 | 204.00 | 224.00 | OK | |
r-patched-linux-x86_64 | 1.4.4 | 10.69 | 89.34 | 100.03 | OK | |
r-release-linux-x86_64 | 1.5.0 | 22.47 | 300.82 | 323.29 | OK | |
r-release-macos-arm64 | 1.5.0 | 102.00 | OK | |||
r-release-macos-x86_64 | 1.5.0 | 190.00 | OK | |||
r-release-windows-x86_64 | 1.5.0 | 27.00 | 265.00 | 292.00 | OK | |
r-oldrel-macos-arm64 | 1.5.0 | 90.00 | OK | |||
r-oldrel-windows-x86_64 | 1.5.0 | 29.00 | 273.00 | 302.00 | OK |
Version: 1.5.0
Check: Rd cross-references
Result: NOTE
Undeclared package ‘AER’ in Rd xrefs
Flavor: r-devel-linux-x86_64-fedora-clang