Last updated on 2024-05-05 18:53:52 CEST.
Flavor | Version | Tinstall | Tcheck | Ttotal | Status | Flags |
---|---|---|---|---|---|---|
r-devel-linux-x86_64-debian-clang | 0.1.0 | 18.80 | 141.76 | 160.56 | OK | |
r-devel-linux-x86_64-debian-gcc | 0.1.0 | 11.36 | 106.45 | 117.81 | OK | |
r-devel-linux-x86_64-fedora-clang | 0.1.0 | 211.56 | NOTE | |||
r-devel-linux-x86_64-fedora-gcc | 0.1.0 | 205.24 | NOTE | |||
r-devel-windows-x86_64 | 0.1.0 | 16.00 | 117.00 | 133.00 | OK | |
r-patched-linux-x86_64 | 0.1.0 | 14.89 | 136.90 | 151.79 | OK | |
r-release-linux-x86_64 | 0.1.0 | 11.37 | 136.91 | 148.28 | OK | |
r-release-macos-arm64 | 0.1.0 | 52.00 | OK | |||
r-release-macos-x86_64 | 0.1.0 | 98.00 | OK | |||
r-release-windows-x86_64 | 0.1.0 | 15.00 | 194.00 | 209.00 | OK | |
r-oldrel-macos-arm64 | 0.1.0 | 61.00 | OK | |||
r-oldrel-macos-x86_64 | 0.1.0 | 95.00 | OK | |||
r-oldrel-windows-x86_64 | 0.1.0 | 20.00 | 151.00 | 171.00 | OK |
Version: 0.1.0
Check: dependencies in R code
Result: NOTE
Namespaces in Imports field not imported from:
‘broom’ ‘car’ ‘lmerTest’ ‘pbkrtest’
All declared Imports should be used.
Flavors: r-devel-linux-x86_64-fedora-clang, r-devel-linux-x86_64-fedora-gcc