Last updated on 2024-04-26 18:55:18 CEST.
Flavor | Version | Tinstall | Tcheck | Ttotal | Status | Flags |
---|---|---|---|---|---|---|
r-devel-linux-x86_64-debian-clang | 2.0-29 | 8.82 | 418.82 | 427.64 | NOTE | |
r-devel-linux-x86_64-debian-gcc | 2.0-29 | 5.76 | 374.49 | 380.25 | OK | |
r-devel-linux-x86_64-fedora-clang | 2.0-29 | 575.05 | OK | |||
r-devel-linux-x86_64-fedora-gcc | 2.0-29 | 561.71 | OK | |||
r-devel-windows-x86_64 | 2.0-29 | 8.00 | 381.00 | 389.00 | FAIL | |
r-patched-linux-x86_64 | 2.0-29 | 10.01 | 460.65 | 470.66 | OK | |
r-release-linux-x86_64 | 2.0-29 | 6.89 | 448.00 | 454.89 | OK | |
r-release-macos-arm64 | 2.0-29 | 159.00 | OK | |||
r-release-macos-x86_64 | 2.0-29 | 421.00 | OK | |||
r-release-windows-x86_64 | 2.0-29 | 8.00 | 398.00 | 406.00 | FAIL | |
r-oldrel-macos-arm64 | 2.0-29 | 170.00 | OK | |||
r-oldrel-macos-x86_64 | 2.0-29 | 357.00 | OK | |||
r-oldrel-windows-x86_64 | 2.0-29 | 9.00 | 436.00 | 445.00 | OK |
Version: 2.0-29
Check: package dependencies
Result: NOTE
Packages suggested but not available for checking: 'genefilter', 'sva'
Flavor: r-devel-linux-x86_64-debian-clang
Version: 2.0-29
Check: re-building of vignette outputs
Result: FAIL
Flavors: r-devel-windows-x86_64, r-release-windows-x86_64