Last updated on 2024-03-28 17:49:44 CET.
Flavor | Version | Tinstall | Tcheck | Ttotal | Status | Flags |
---|---|---|---|---|---|---|
r-devel-linux-x86_64-debian-clang | 2.1.2 | 28.06 | 100.66 | 128.72 | NOTE | |
r-devel-linux-x86_64-debian-gcc | 2.1.2 | 20.39 | 73.97 | 94.36 | NOTE | |
r-devel-linux-x86_64-fedora-clang | 2.1.2 | 162.89 | NOTE | |||
r-devel-linux-x86_64-fedora-gcc | 2.1.2 | 174.05 | NOTE | |||
r-devel-windows-x86_64 | 2.1.2 | 22.00 | 122.00 | 144.00 | NOTE | |
r-patched-linux-x86_64 | 2.1.2 | 30.73 | 94.21 | 124.94 | NOTE | |
r-release-linux-x86_64 | 2.1.2 | 26.29 | 96.72 | 123.01 | OK | |
r-release-macos-arm64 | 2.1.2 | 54.00 | OK | |||
r-release-macos-x86_64 | 2.1.2 | 78.00 | OK | |||
r-release-windows-x86_64 | 2.1.2 | 29.00 | 142.00 | 171.00 | OK | |
r-oldrel-macos-arm64 | 2.1.2 | 41.00 | OK | |||
r-oldrel-windows-x86_64 | 2.1.2 | 27.00 | 142.00 | 169.00 | OK |
Version: 2.1.2
Check: Rd files
Result: NOTE
checkRd: (-1) tess.plot.multichain.diagnostics.Rd:45: Lost braces in \itemize; meant \describe ?
checkRd: (-1) tess.plot.multichain.diagnostics.Rd:46: Lost braces in \itemize; meant \describe ?
checkRd: (-1) tess.plot.multichain.diagnostics.Rd:47: Lost braces in \itemize; meant \describe ?
checkRd: (-1) tess.plot.multichain.diagnostics.Rd:48: Lost braces in \itemize; meant \describe ?
checkRd: (-1) tess.plot.multichain.diagnostics.Rd:49: Lost braces in \itemize; meant \describe ?
checkRd: (-1) tess.plot.multichain.diagnostics.Rd:50: Lost braces in \itemize; meant \describe ?
checkRd: (-1) tess.plot.multichain.diagnostics.Rd:51: Lost braces in \itemize; meant \describe ?
checkRd: (-1) tess.plot.output.Rd:47: Lost braces in \itemize; meant \describe ?
checkRd: (-1) tess.plot.output.Rd:48: Lost braces in \itemize; meant \describe ?
checkRd: (-1) tess.plot.output.Rd:49: Lost braces in \itemize; meant \describe ?
checkRd: (-1) tess.plot.output.Rd:50: Lost braces in \itemize; meant \describe ?
checkRd: (-1) tess.plot.output.Rd:51: Lost braces in \itemize; meant \describe ?
checkRd: (-1) tess.plot.output.Rd:52: Lost braces in \itemize; meant \describe ?
checkRd: (-1) tess.plot.output.Rd:53: Lost braces in \itemize; meant \describe ?
checkRd: (-1) tess.plot.output.Rd:54: Lost braces in \itemize; meant \describe ?
checkRd: (-1) tess.plot.output.Rd:55: Lost braces in \itemize; meant \describe ?
checkRd: (-1) tess.plot.output.Rd:56: Lost braces in \itemize; meant \describe ?
checkRd: (-1) tess.plot.singlechain.diagnostics.Rd:49: Lost braces in \itemize; meant \describe ?
checkRd: (-1) tess.plot.singlechain.diagnostics.Rd:50: Lost braces in \itemize; meant \describe ?
checkRd: (-1) tess.plot.singlechain.diagnostics.Rd:51: Lost braces in \itemize; meant \describe ?
checkRd: (-1) tess.plot.singlechain.diagnostics.Rd:52: Lost braces in \itemize; meant \describe ?
checkRd: (-1) tess.plot.singlechain.diagnostics.Rd:53: Lost braces in \itemize; meant \describe ?
checkRd: (-1) tess.plot.singlechain.diagnostics.Rd:54: Lost braces in \itemize; meant \describe ?
checkRd: (-1) tess.plot.singlechain.diagnostics.Rd:55: Lost braces in \itemize; meant \describe ?
Flavors: r-devel-linux-x86_64-debian-clang, r-devel-linux-x86_64-debian-gcc, r-devel-linux-x86_64-fedora-clang, r-devel-linux-x86_64-fedora-gcc, r-devel-windows-x86_64, r-patched-linux-x86_64