Last updated on 2024-03-28 17:49:44 CET.
Flavor | Version | Tinstall | Tcheck | Ttotal | Status | Flags |
---|---|---|---|---|---|---|
r-devel-linux-x86_64-debian-clang | 1.1-2 | 4.90 | 89.38 | 94.28 | OK | |
r-devel-linux-x86_64-debian-gcc | 1.1-2 | 5.09 | 69.15 | 74.24 | OK | |
r-devel-linux-x86_64-fedora-clang | 1.1-2 | 125.44 | NOTE | |||
r-devel-linux-x86_64-fedora-gcc | 1.1-2 | 131.87 | OK | |||
r-devel-windows-x86_64 | 1.1-2 | 6.00 | 380.00 | 386.00 | NOTE | |
r-patched-linux-x86_64 | 1.1-2 | 6.52 | 91.71 | 98.23 | OK | |
r-release-linux-x86_64 | 1.1-2 | 7.14 | 94.14 | 101.28 | OK | |
r-release-macos-arm64 | 1.1-2 | 56.00 | NOTE | |||
r-release-macos-x86_64 | 1.1-2 | 128.00 | NOTE | |||
r-release-windows-x86_64 | 1.1-2 | 8.00 | 446.00 | 454.00 | NOTE | |
r-oldrel-macos-arm64 | 1.1-2 | 50.00 | NOTE | |||
r-oldrel-windows-x86_64 | 1.1-2 | 9.00 | 434.00 | 443.00 | NOTE |
Version: 1.1-2
Check: installed package size
Result: NOTE
installed size is 9.0Mb
sub-directories of 1Mb or more:
data 1.1Mb
rda 7.1Mb
Flavors: r-devel-linux-x86_64-fedora-clang, r-devel-windows-x86_64, r-release-macos-arm64, r-release-macos-x86_64, r-release-windows-x86_64, r-oldrel-macos-arm64, r-oldrel-windows-x86_64