Last updated on 2024-04-23 06:57:18 CEST.
Flavor | Version | Tinstall | Tcheck | Ttotal | Status | Flags |
---|---|---|---|---|---|---|
r-devel-linux-x86_64-debian-clang | 0.1.0 | 2.70 | 28.45 | 31.15 | NOTE | |
r-devel-linux-x86_64-debian-gcc | 0.1.0 | 2.30 | 21.45 | 23.75 | NOTE | |
r-devel-linux-x86_64-fedora-clang | 0.1.0 | 38.35 | NOTE | |||
r-devel-linux-x86_64-fedora-gcc | 0.1.0 | 36.76 | NOTE | |||
r-prerel-macos-arm64 | 0.1.0 | 16.00 | NOTE | |||
r-prerel-windows-x86_64 | 0.1.0 | 3.00 | 43.00 | 46.00 | NOTE | |
r-patched-linux-x86_64 | 0.1.0 | 2.82 | 27.60 | 30.42 | NOTE | |
r-release-linux-x86_64 | 0.1.0 | 2.97 | 26.28 | 29.25 | NOTE | |
r-release-macos-arm64 | 0.1.0 | 18.00 | NOTE | |||
r-release-macos-x86_64 | 0.1.0 | 22.00 | NOTE | |||
r-release-windows-x86_64 | 0.1.0 | 3.00 | 43.00 | 46.00 | NOTE | |
r-oldrel-macos-arm64 | 0.1.0 | 18.00 | NOTE | |||
r-oldrel-windows-x86_64 | 0.1.0 | 4.00 | 45.00 | 49.00 | NOTE |
Version: 0.1.0
Check: LazyData
Result: NOTE
'LazyData' is specified without a 'data' directory
Flavors: r-devel-linux-x86_64-debian-clang, r-devel-linux-x86_64-debian-gcc, r-devel-linux-x86_64-fedora-clang, r-devel-linux-x86_64-fedora-gcc, r-prerel-macos-arm64, r-prerel-windows-x86_64, r-patched-linux-x86_64, r-release-linux-x86_64, r-release-macos-arm64, r-release-macos-x86_64, r-release-windows-x86_64, r-oldrel-macos-arm64, r-oldrel-windows-x86_64