Last updated on 2024-05-07 06:56:13 CEST.
Flavor | Version | Tinstall | Tcheck | Ttotal | Status | Flags |
---|---|---|---|---|---|---|
r-devel-linux-x86_64-debian-clang | 0.3.0 | 10.52 | 82.30 | 92.82 | OK | |
r-devel-linux-x86_64-debian-gcc | 0.3.0 | 7.40 | 65.93 | 73.33 | OK | |
r-devel-linux-x86_64-fedora-clang | 0.3.0 | 112.29 | NOTE | |||
r-devel-linux-x86_64-fedora-gcc | 0.3.0 | 164.80 | NOTE | |||
r-devel-windows-x86_64 | 0.3.0 | 8.00 | 190.00 | 198.00 | OK | |
r-patched-linux-x86_64 | 0.3.0 | 9.28 | 79.72 | 89.00 | OK | |
r-release-linux-x86_64 | 0.3.0 | 7.20 | 81.60 | 88.80 | OK | |
r-release-macos-arm64 | 0.3.0 | 37.00 | OK | |||
r-release-windows-x86_64 | 0.3.0 | 9.00 | 79.00 | 88.00 | OK | |
r-oldrel-macos-arm64 | 0.3.0 | 40.00 | OK | |||
r-oldrel-macos-x86_64 | 0.3.0 | 67.00 | OK | |||
r-oldrel-windows-x86_64 | 0.3.0 | 11.00 | 151.00 | 162.00 | OK |
Version: 0.3.0
Check: dependencies in R code
Result: NOTE
Namespace in Imports field not imported from: ‘hdi’
All declared Imports should be used.
Flavors: r-devel-linux-x86_64-fedora-clang, r-devel-linux-x86_64-fedora-gcc