Last updated on 2024-04-18 18:58:09 CEST.
Flavor | Version | Tinstall | Tcheck | Ttotal | Status | Flags |
---|---|---|---|---|---|---|
r-devel-linux-x86_64-debian-clang | 0.1 | 7.48 | 86.67 | 94.15 | NOTE | |
r-devel-linux-x86_64-debian-gcc | 0.1 | 6.91 | 67.76 | 74.67 | NOTE | |
r-devel-linux-x86_64-fedora-clang | 0.1 | 117.69 | NOTE | |||
r-devel-linux-x86_64-fedora-gcc | 0.1 | 111.93 | NOTE | |||
r-prerel-macos-arm64 | 0.1 | 35.00 | NOTE | |||
r-prerel-windows-x86_64 | 0.1 | 8.00 | 80.00 | 88.00 | NOTE | |
r-patched-linux-x86_64 | 0.1 | 8.10 | 86.27 | 94.37 | NOTE | |
r-release-linux-x86_64 | 0.1 | 7.33 | 85.90 | 93.23 | NOTE | |
r-release-macos-arm64 | 0.1 | 40.00 | NOTE | |||
r-release-macos-x86_64 | 0.1 | 65.00 | NOTE | |||
r-release-windows-x86_64 | 0.1 | 9.00 | 203.00 | 212.00 | NOTE | |
r-oldrel-macos-arm64 | 0.1 | 33.00 | NOTE | |||
r-oldrel-windows-x86_64 | 0.1 | 10.00 | 98.00 | 108.00 | NOTE |
Version: 0.1
Check: LazyData
Result: NOTE
'LazyData' is specified without a 'data' directory
Flavors: r-devel-linux-x86_64-debian-clang, r-devel-linux-x86_64-debian-gcc, r-devel-linux-x86_64-fedora-clang, r-devel-linux-x86_64-fedora-gcc, r-prerel-macos-arm64, r-prerel-windows-x86_64, r-patched-linux-x86_64, r-release-linux-x86_64, r-release-macos-arm64, r-release-macos-x86_64, r-release-windows-x86_64, r-oldrel-macos-arm64, r-oldrel-windows-x86_64