Last updated on 2024-04-24 07:15:21 CEST.
Flavor | Version | Tinstall | Tcheck | Ttotal | Status | Flags |
---|---|---|---|---|---|---|
r-devel-linux-x86_64-debian-clang | 1.0.0 | 2.57 | 24.81 | 27.38 | NOTE | |
r-devel-linux-x86_64-debian-gcc | 1.0.0 | 2.44 | 18.94 | 21.38 | NOTE | |
r-devel-linux-x86_64-fedora-clang | 1.0.0 | 34.41 | NOTE | |||
r-devel-linux-x86_64-fedora-gcc | 1.0.0 | 32.27 | NOTE | |||
r-prerel-macos-arm64 | 1.0.0 | 15.00 | NOTE | |||
r-prerel-windows-x86_64 | 1.0.0 | 3.00 | 102.00 | 105.00 | NOTE | |
r-patched-linux-x86_64 | 1.0.0 | 2.26 | 23.88 | 26.14 | NOTE | |
r-release-linux-x86_64 | 1.0.0 | 3.13 | 23.50 | 26.63 | NOTE | |
r-release-macos-arm64 | 1.0.0 | 15.00 | NOTE | |||
r-release-macos-x86_64 | 1.0.0 | 20.00 | NOTE | |||
r-release-windows-x86_64 | 1.0.0 | 3.00 | 152.00 | 155.00 | NOTE | |
r-oldrel-macos-arm64 | 1.0.0 | 13.00 | NOTE | |||
r-oldrel-windows-x86_64 | 1.0.0 | 5.00 | 110.00 | 115.00 | NOTE |
Version: 1.0.0
Check: LazyData
Result: NOTE
'LazyData' is specified without a 'data' directory
Flavors: r-devel-linux-x86_64-debian-clang, r-devel-linux-x86_64-debian-gcc, r-devel-linux-x86_64-fedora-clang, r-devel-linux-x86_64-fedora-gcc, r-prerel-macos-arm64, r-prerel-windows-x86_64, r-patched-linux-x86_64, r-release-linux-x86_64, r-release-macos-arm64, r-release-macos-x86_64, r-release-windows-x86_64, r-oldrel-macos-arm64, r-oldrel-windows-x86_64