Last updated on 2024-05-02 18:48:29 CEST.
Flavor | Version | Tinstall | Tcheck | Ttotal | Status | Flags |
---|---|---|---|---|---|---|
r-devel-linux-x86_64-debian-clang | 1.0.8 | 10.89 | 119.95 | 130.84 | NOTE | |
r-devel-linux-x86_64-debian-gcc | 1.0.8 | 8.61 | 87.96 | 96.57 | NOTE | |
r-devel-linux-x86_64-fedora-clang | 1.0.8 | 160.18 | NOTE | |||
r-devel-linux-x86_64-fedora-gcc | 1.0.8 | 170.65 | NOTE | |||
r-devel-windows-x86_64 | 1.0.8 | 13.00 | 182.00 | 195.00 | NOTE | |
r-patched-linux-x86_64 | 1.0.8 | 7.66 | 116.53 | 124.19 | NOTE | |
r-release-linux-x86_64 | 1.0.8 | 6.73 | 116.41 | 123.14 | NOTE | |
r-release-macos-arm64 | 1.0.8 | 59.00 | NOTE | |||
r-release-windows-x86_64 | 1.0.8 | 14.00 | 127.00 | 141.00 | NOTE | |
r-oldrel-macos-arm64 | 1.0.8 | 83.00 | NOTE | |||
r-oldrel-macos-x86_64 | 1.0.8 | 124.00 | NOTE | |||
r-oldrel-windows-x86_64 | 1.0.8 | 16.00 | 166.00 | 182.00 | NOTE |
Version: 1.0.8
Check: package dependencies
Result: NOTE
Packages suggested but not available for checking:
'RGtk2', 'gWidgets2RGtk2'
Flavors: r-devel-linux-x86_64-debian-clang, r-devel-linux-x86_64-debian-gcc, r-devel-linux-x86_64-fedora-clang, r-devel-linux-x86_64-fedora-gcc, r-devel-windows-x86_64, r-patched-linux-x86_64, r-release-linux-x86_64, r-release-macos-arm64, r-release-windows-x86_64, r-oldrel-macos-arm64, r-oldrel-macos-x86_64, r-oldrel-windows-x86_64