Last updated on 2024-03-28 17:49:45 CET.
Flavor | Version | Tinstall | Tcheck | Ttotal | Status | Flags |
---|---|---|---|---|---|---|
r-devel-linux-x86_64-debian-clang | 1.4 | 7.64 | 24.09 | 31.73 | OK | |
r-devel-linux-x86_64-debian-gcc | 1.4 | 5.63 | 31.17 | 36.80 | OK | |
r-devel-linux-x86_64-fedora-clang | 1.4 | 60.77 | NOTE | |||
r-devel-linux-x86_64-fedora-gcc | 1.4 | 60.19 | NOTE | |||
r-devel-windows-x86_64 | 1.4 | 10.00 | 63.00 | 73.00 | OK | |
r-patched-linux-x86_64 | 1.4 | 8.84 | 40.64 | 49.48 | OK | |
r-release-linux-x86_64 | 1.4 | 6.59 | 41.09 | 47.68 | OK | |
r-release-macos-arm64 | 1.4 | 21.00 | OK | |||
r-release-macos-x86_64 | 1.4 | 33.00 | OK | |||
r-release-windows-x86_64 | 1.4 | 9.00 | 72.00 | 81.00 | OK | |
r-oldrel-macos-arm64 | 1.4 | 20.00 | OK | |||
r-oldrel-windows-x86_64 | 1.4 | 21.00 | 64.00 | 85.00 | OK |
Version: 1.4
Check: compiled code
Result: NOTE
File ‘TrialSize/libs/TrialSize.so’:
Found no calls to: ‘R_registerRoutines’, ‘R_useDynamicSymbols’
It is good practice to register native routines and to disable symbol
search.
See ‘Writing portable packages’ in the ‘Writing R Extensions’ manual.
Flavors: r-devel-linux-x86_64-fedora-clang, r-devel-linux-x86_64-fedora-gcc