Last updated on 2024-03-28 17:49:45 CET.
Flavor | Version | Tinstall | Tcheck | Ttotal | Status | Flags |
---|---|---|---|---|---|---|
r-devel-linux-x86_64-debian-clang | 1.6.4 | 21.83 | 149.81 | 171.64 | NOTE | --no-vignettes |
r-devel-linux-x86_64-debian-gcc | 1.6.4 | 13.91 | 111.35 | 125.26 | NOTE | --no-vignettes |
r-devel-linux-x86_64-fedora-clang | 1.6.4 | 1082.83 | NOTE | |||
r-devel-linux-x86_64-fedora-gcc | 1.6.4 | 993.72 | NOTE | |||
r-devel-windows-x86_64 | 1.6.4 | 18.00 | 150.00 | 168.00 | NOTE | --no-vignettes |
r-patched-linux-x86_64 | 1.6.4 | 25.60 | 147.83 | 173.43 | NOTE | --no-vignettes |
r-release-linux-x86_64 | 1.6.4 | 16.84 | 144.41 | 161.25 | OK | --no-vignettes |
r-release-macos-arm64 | 1.6.4 | 323.00 | OK | |||
r-release-macos-x86_64 | 1.6.4 | 747.00 | OK | |||
r-release-windows-x86_64 | 1.6.4 | 24.00 | 169.00 | 193.00 | OK | --no-vignettes |
r-oldrel-macos-arm64 | 1.6.4 | 318.00 | OK | |||
r-oldrel-windows-x86_64 | 1.6.4 | 23.00 | 178.00 | 201.00 | OK | --no-vignettes |
Version: 1.6.4
Flags: --no-vignettes
Check: HTML version of manual
Result: NOTE
Found the following HTML validation problems:
ypr_sel.html:113:1 (ypr_sel.Rd:31): Warning: trimming empty <li>
ypr_sel.html:112:1 (ypr_sel.Rd:31): Warning: trimming empty <ul>
Flavors: r-devel-linux-x86_64-debian-clang, r-devel-linux-x86_64-debian-gcc, r-devel-windows-x86_64, r-patched-linux-x86_64
Version: 1.6.4
Check: HTML version of manual
Result: NOTE
Found the following HTML validation problems:
ypr_sel.html:113:1 (ypr_sel.Rd:31): Warning: trimming empty <li>
ypr_sel.html:112:1 (ypr_sel.Rd:31): Warning: trimming empty <ul>
Flavors: r-devel-linux-x86_64-fedora-clang, r-devel-linux-x86_64-fedora-gcc