Last updated on 2024-05-07 18:50:05 CEST.
Flavor | Version | Tinstall | Tcheck | Ttotal | Status | Flags |
---|---|---|---|---|---|---|
r-devel-linux-x86_64-debian-clang | 1.1.0 | 47.07 | 452.10 | 499.17 | OK | |
r-devel-linux-x86_64-debian-gcc | 1.1.0 | 39.73 | 318.23 | 357.96 | OK | |
r-devel-linux-x86_64-fedora-clang | 1.1.0 | 652.38 | NOTE | |||
r-devel-linux-x86_64-fedora-gcc | 1.1.0 | 621.98 | OK | |||
r-devel-windows-x86_64 | 1.1.0 | 44.00 | 299.00 | 343.00 | NOTE | |
r-patched-linux-x86_64 | 1.1.0 | 43.39 | 415.01 | 458.40 | OK | |
r-release-linux-x86_64 | 1.1.0 | 37.79 | 416.00 | 453.79 | OK | |
r-release-macos-arm64 | 1.1.0 | 158.00 | NOTE | |||
r-release-macos-x86_64 | 1.1.0 | 234.00 | NOTE | |||
r-release-windows-x86_64 | 1.1.0 | 44.00 | 297.00 | 341.00 | NOTE | |
r-oldrel-macos-arm64 | 1.1.0 | 161.00 | NOTE | |||
r-oldrel-macos-x86_64 | 1.1.0 | 268.00 | NOTE | |||
r-oldrel-windows-x86_64 | 1.1.0 | 57.00 | 401.00 | 458.00 | NOTE |
Version: 1.1.0
Check: installed package size
Result: NOTE
installed size is 9.5Mb
sub-directories of 1Mb or more:
extdata 8.7Mb
Flavors: r-devel-linux-x86_64-fedora-clang, r-devel-windows-x86_64, r-release-macos-arm64, r-release-macos-x86_64, r-release-windows-x86_64, r-oldrel-macos-arm64, r-oldrel-macos-x86_64, r-oldrel-windows-x86_64