Last updated on 2024-04-18 06:58:01 CEST.
Flavor | Version | Tinstall | Tcheck | Ttotal | Status | Flags |
---|---|---|---|---|---|---|
r-devel-linux-x86_64-debian-clang | 1.2.4 | 11.20 | 127.58 | 138.78 | OK | |
r-devel-linux-x86_64-debian-gcc | 1.2.4 | 8.98 | 95.41 | 104.39 | OK | |
r-devel-linux-x86_64-fedora-clang | 1.2.4 | 178.25 | NOTE | |||
r-devel-linux-x86_64-fedora-gcc | 1.2.4 | 184.95 | OK | |||
r-prerel-macos-arm64 | 1.2.4 | 55.00 | OK | |||
r-prerel-windows-x86_64 | 1.2.4 | 10.00 | 111.00 | 121.00 | OK | |
r-patched-linux-x86_64 | 1.2.4 | 11.02 | 121.65 | 132.67 | OK | |
r-release-linux-x86_64 | 1.2.4 | 7.49 | 116.91 | 124.40 | OK | |
r-release-macos-arm64 | 1.2.4 | 56.00 | OK | |||
r-release-macos-x86_64 | 1.2.4 | 81.00 | OK | |||
r-release-windows-x86_64 | 1.2.4 | 16.00 | 155.00 | 171.00 | OK | |
r-oldrel-macos-arm64 | 1.2.4 | 56.00 | OK | |||
r-oldrel-windows-x86_64 | 1.2.4 | 15.00 | 127.00 | 142.00 | OK |
Version: 1.2.4
Check: Rd cross-references
Result: NOTE
Undeclared package ‘tibble’ in Rd xrefs
Flavor: r-devel-linux-x86_64-fedora-clang