CRAN Package Check Results for Package WRTDStidal

Last updated on 2018-04-20 18:55:46 CEST.

Flavor Version Tinstall Tcheck Ttotal Status Flags
r-devel-linux-x86_64-debian-clang 1.1.0 15.07 169.52 184.59 OK
r-devel-linux-x86_64-debian-gcc 1.1.0 12.76 127.76 140.52 OK
r-devel-linux-x86_64-fedora-clang 1.1.0 214.62 OK
r-devel-linux-x86_64-fedora-gcc 1.1.0 210.71 OK
r-devel-windows-ix86+x86_64 1.1.0 43.00 257.00 300.00 OK
r-devel-osx-x86_64 1.1.0 OK
r-patched-linux-x86_64 1.1.0 13.00 159.35 172.35 OK
r-patched-solaris-x86 1.1.0 304.90 OK
r-release-linux-x86_64 1.1.0 8.81 172.44 181.25 OK
r-release-windows-ix86+x86_64 1.1.0 35.00 235.00 270.00 OK
r-release-osx-x86_64 1.1.0 OK
r-oldrel-windows-ix86+x86_64 1.1.0 1.00 5.00 6.00 ERROR

Check Details

Version: 1.1.0
Check: package dependencies
Result: ERROR
    Package required but not available: 'forecast'
    
    See section 'The DESCRIPTION file' in the 'Writing R Extensions'
    manual.
Flavor: r-oldrel-windows-ix86+x86_64