CRAN Package Check Results for Package WRTDStidal

Last updated on 2018-07-19 18:49:45 CEST.

Flavor Version Tinstall Tcheck Ttotal Status Flags
r-devel-linux-x86_64-debian-clang 1.1.1 18.74 170.41 189.15 OK
r-devel-linux-x86_64-debian-gcc 1.1.1 16.55 154.07 170.62 OK
r-devel-linux-x86_64-fedora-clang 1.1.1 246.38 OK
r-devel-linux-x86_64-fedora-gcc 1.1.1 246.50 OK
r-devel-windows-ix86+x86_64 1.1.1 28.00 195.00 223.00 OK
r-patched-linux-x86_64 1.1.1 15.40 168.14 183.54 OK
r-patched-solaris-x86 1.1.1 317.00 OK
r-release-linux-x86_64 1.1.1 13.21 168.64 181.85 OK
r-release-windows-ix86+x86_64 1.1.1 47.00 233.00 280.00 OK
r-release-osx-x86_64 1.1.1 OK
r-oldrel-windows-ix86+x86_64 1.1.1 37.00 183.00 220.00 ERROR
r-oldrel-osx-x86_64 1.1.1 OK

Check Details

Version: 1.1.1
Check: whether package can be installed
Result: ERROR
    Installation failed.
Flavor: r-oldrel-windows-ix86+x86_64