Last updated on 2024-05-05 07:06:34 CEST.
Flavor | Version | Tinstall | Tcheck | Ttotal | Status | Flags |
---|---|---|---|---|---|---|
r-devel-linux-x86_64-debian-clang | 4.0.3 | 12.18 | 342.11 | 354.29 | OK | |
r-devel-linux-x86_64-debian-gcc | 4.0.3 | 11.09 | 239.23 | 250.32 | OK | |
r-devel-linux-x86_64-fedora-clang | 4.0.3 | 419.15 | OK | |||
r-devel-linux-x86_64-fedora-gcc | 4.0.3 | 406.81 | OK | |||
r-devel-windows-x86_64 | 4.0.3 | 12.00 | 222.00 | 234.00 | OK | |
r-patched-linux-x86_64 | 4.0.3 | 8.91 | 320.23 | 329.14 | OK | |
r-release-linux-x86_64 | 4.0.3 | 8.53 | 316.72 | 325.25 | OK | |
r-release-macos-arm64 | 4.0.3 | 112.00 | NOTE | |||
r-release-windows-x86_64 | 4.0.3 | 11.00 | 224.00 | 235.00 | OK | |
r-oldrel-macos-arm64 | 4.0.3 | 115.00 | OK | |||
r-oldrel-macos-x86_64 | 4.0.3 | 294.00 | OK | |||
r-oldrel-windows-x86_64 | 4.0.3 | 16.00 | 309.00 | 325.00 | OK |
Version: 4.0.3
Check: package dependencies
Result: NOTE
Package suggested but not available for checking: ‘glmmTMB’
Flavor: r-release-macos-arm64