Last updated on 2024-04-24 07:15:22 CEST.
Flavor | Version | Tinstall | Tcheck | Ttotal | Status | Flags |
---|---|---|---|---|---|---|
r-devel-linux-x86_64-debian-clang | 0.99.19.1 | 125.81 | 31.48 | 157.29 | NOTE | |
r-devel-linux-x86_64-debian-gcc | 0.99.19.1 | 89.11 | 23.81 | 112.92 | NOTE | |
r-devel-linux-x86_64-fedora-clang | 0.99.19.1 | 231.71 | NOTE | |||
r-devel-linux-x86_64-fedora-gcc | 0.99.19.1 | 218.25 | NOTE | |||
r-prerel-macos-arm64 | 0.99.19.1 | 40.00 | NOTE | |||
r-prerel-windows-x86_64 | 0.99.19.1 | 90.00 | 74.00 | 164.00 | NOTE | |
r-patched-linux-x86_64 | 0.99.19.1 | 116.87 | 30.62 | 147.49 | NOTE | |
r-release-linux-x86_64 | 0.99.19.1 | 118.08 | 30.31 | 148.39 | OK | |
r-release-macos-arm64 | 0.99.19.1 | 45.00 | OK | |||
r-release-macos-x86_64 | 0.99.19.1 | 80.00 | OK | |||
r-release-windows-x86_64 | 0.99.19.1 | 91.00 | 92.00 | 183.00 | OK | |
r-oldrel-macos-arm64 | 0.99.19.1 | 45.00 | OK | |||
r-oldrel-windows-x86_64 | 0.99.19.1 | 113.00 | 77.00 | 190.00 | OK |
Version: 0.99.19.1
Check: Rd files
Result: NOTE
checkRd: (-1) xbrlSECdev01.Rd:20: Lost braces in \itemize; meant \describe ?
Flavors: r-devel-linux-x86_64-debian-clang, r-devel-linux-x86_64-debian-gcc, r-devel-linux-x86_64-fedora-clang, r-devel-linux-x86_64-fedora-gcc, r-prerel-macos-arm64, r-prerel-windows-x86_64, r-patched-linux-x86_64