Last updated on 2024-05-07 18:49:37 CEST.
Flavor | Version | Tinstall | Tcheck | Ttotal | Status | Flags |
---|---|---|---|---|---|---|
r-devel-linux-x86_64-debian-clang | 1.1 | 39.98 | 31.00 | 70.98 | NOTE | |
r-devel-linux-x86_64-debian-gcc | 1.1 | 32.70 | 24.22 | 56.92 | NOTE | |
r-devel-linux-x86_64-fedora-clang | 1.1 | 100.70 | NOTE | |||
r-devel-linux-x86_64-fedora-gcc | 1.1 | 148.67 | NOTE | |||
r-devel-windows-x86_64 | 1.1 | 35.00 | 64.00 | 99.00 | NOTE | |
r-patched-linux-x86_64 | 1.1 | 37.28 | 31.11 | 68.39 | NOTE | |
r-release-linux-x86_64 | 1.1 | 40.85 | 31.20 | 72.05 | NOTE | |
r-release-macos-arm64 | 1.1 | 28.00 | NOTE | |||
r-release-windows-x86_64 | 1.1 | 33.00 | 67.00 | 100.00 | NOTE | |
r-oldrel-macos-arm64 | 1.1 | 29.00 | NOTE | |||
r-oldrel-macos-x86_64 | 1.1 | 47.00 | NOTE | |||
r-oldrel-windows-x86_64 | 1.1 | 40.00 | 70.00 | 110.00 | NOTE |
Version: 1.1
Check: C++ specification
Result: NOTE
Specified C++11: please drop specification unless essential
Flavors: r-devel-linux-x86_64-debian-clang, r-devel-linux-x86_64-debian-gcc, r-devel-linux-x86_64-fedora-clang, r-devel-linux-x86_64-fedora-gcc, r-devel-windows-x86_64, r-patched-linux-x86_64, r-release-linux-x86_64, r-release-macos-arm64, r-release-windows-x86_64, r-oldrel-macos-arm64, r-oldrel-macos-x86_64, r-oldrel-windows-x86_64