Last updated on 2024-03-28 17:49:21 CET.
Flavor | Version | Tinstall | Tcheck | Ttotal | Status | Flags |
---|---|---|---|---|---|---|
r-devel-linux-x86_64-debian-clang | 2.1.10 | 31.47 | 232.17 | 263.64 | OK | |
r-devel-linux-x86_64-debian-gcc | 2.1.10 | 26.31 | 170.64 | 196.95 | OK | |
r-devel-linux-x86_64-fedora-clang | 2.1.10 | 370.73 | OK | |||
r-devel-linux-x86_64-fedora-gcc | 2.1.10 | 311.95 | OK | |||
r-devel-windows-x86_64 | 2.1.10 | 33.00 | 197.00 | 230.00 | OK | |
r-patched-linux-x86_64 | 2.1.10 | 45.44 | 223.55 | 268.99 | OK | |
r-release-linux-x86_64 | 2.1.10 | 34.93 | 226.19 | 261.12 | OK | |
r-release-macos-arm64 | 2.1.10 | 93.00 | NOTE | |||
r-release-macos-x86_64 | 2.1.10 | 150.00 | NOTE | |||
r-release-windows-x86_64 | 2.1.10 | 44.00 | 255.00 | 299.00 | OK | |
r-oldrel-macos-arm64 | 2.1.10 | 83.00 | NOTE | |||
r-oldrel-windows-x86_64 | 2.1.10 | 43.00 | 243.00 | 286.00 | OK |
Version: 2.1.10
Check: installed package size
Result: NOTE
installed size is 5.8Mb
sub-directories of 1Mb or more:
R 2.0Mb
data 1.3Mb
files 1.7Mb
Flavors: r-release-macos-arm64, r-release-macos-x86_64, r-oldrel-macos-arm64
Version: 2.1.10
Check: package dependencies
Result: NOTE
Packages suggested but not available for checking:
'adespatial', 'hierfstat', 'spdep', 'poppr'
Flavor: r-release-macos-x86_64
Version: 2.1.10
Check: Rd cross-references
Result: NOTE
Package unavailable to check Rd xrefs: ‘spdep’
Flavor: r-release-macos-x86_64