Last updated on 2024-04-23 18:50:47 CEST.
Flavor | Version | Tinstall | Tcheck | Ttotal | Status | Flags |
---|---|---|---|---|---|---|
r-devel-linux-x86_64-debian-clang | 0.3.16 | 9.26 | 63.87 | 73.13 | NOTE | |
r-devel-linux-x86_64-debian-gcc | 0.3.16 | 6.20 | 48.41 | 54.61 | NOTE | |
r-devel-linux-x86_64-fedora-clang | 0.3.16 | 91.55 | NOTE | |||
r-devel-linux-x86_64-fedora-gcc | 0.3.16 | 104.90 | NOTE | |||
r-prerel-macos-arm64 | 0.3.16 | 41.00 | NOTE | |||
r-prerel-windows-x86_64 | 0.3.16 | 11.00 | 87.00 | 98.00 | NOTE | |
r-patched-linux-x86_64 | 0.3.16 | 7.06 | 61.16 | 68.22 | NOTE | |
r-release-linux-x86_64 | 0.3.16 | 9.17 | 60.15 | 69.32 | OK | |
r-release-macos-arm64 | 0.3.16 | 44.00 | OK | |||
r-release-macos-x86_64 | 0.3.16 | 68.00 | OK | |||
r-release-windows-x86_64 | 0.3.16 | 14.00 | 92.00 | 106.00 | OK | |
r-oldrel-macos-arm64 | 0.3.16 | 39.00 | OK | |||
r-oldrel-windows-x86_64 | 0.3.16 | 13.00 | 103.00 | 116.00 | OK |
Version: 0.3.16
Check: Rd files
Result: NOTE
checkRd: (-1) adeoptions.Rd:21-23: Lost braces
21 | \code{epsilon}{ the smallest significant distance between two points
| ^
checkRd: (-1) adeoptions.Rd:25-27: Lost braces
25 | \code{shortprint}{ logical. Defines whether special \code{show}
| ^
Flavors: r-devel-linux-x86_64-debian-clang, r-devel-linux-x86_64-debian-gcc, r-devel-linux-x86_64-fedora-clang, r-devel-linux-x86_64-fedora-gcc, r-prerel-macos-arm64, r-prerel-windows-x86_64, r-patched-linux-x86_64