CRAN Package Check Results for Package adjclust

Last updated on 2018-10-21 06:46:24 CEST.

Flavor Version Tinstall Tcheck Ttotal Status Flags
r-devel-linux-x86_64-debian-clang 0.5.7 7.64 138.17 145.81 OK
r-devel-linux-x86_64-debian-gcc 0.5.7 5.82 109.72 115.54 OK
r-devel-linux-x86_64-fedora-clang 0.5.7 174.46 OK
r-devel-linux-x86_64-fedora-gcc 0.5.7 167.31 OK
r-devel-windows-ix86+x86_64 0.5.7 18.00 247.00 265.00 OK
r-patched-linux-x86_64 0.5.7 4.92 114.86 119.78 OK
r-patched-solaris-x86 0.5.7 227.60 OK
r-release-linux-x86_64 0.5.7 5.62 115.77 121.39 OK
r-release-windows-ix86+x86_64 0.5.7 22.00 228.00 250.00 OK
r-release-osx-x86_64 0.5.7 NOTE
r-oldrel-windows-ix86+x86_64 0.5.7 11.00 257.00 268.00 OK
r-oldrel-osx-x86_64 0.5.7 OK

Check Details

Version: 0.5.7
Check: package dependencies
Result: NOTE
    Package suggested but not available for checking: ‘HiTC’
Flavor: r-release-osx-x86_64

Version: 0.5.7
Check: Rd cross-references
Result: NOTE
    Package unavailable to check Rd xrefs: ‘HiTC’
Flavor: r-release-osx-x86_64