CRAN Package Check Results for Package adjclust

Last updated on 2018-04-20 18:54:44 CEST.

Flavor Version Tinstall Tcheck Ttotal Status Flags
r-devel-linux-x86_64-debian-clang 0.5.6 5.03 225.29 230.32 OK
r-devel-linux-x86_64-debian-gcc 0.5.6 4.18 172.48 176.66 OK
r-devel-linux-x86_64-fedora-clang 0.5.6 284.04 OK
r-devel-linux-x86_64-fedora-gcc 0.5.6 272.81 OK
r-devel-windows-ix86+x86_64 0.5.6 20.00 324.00 344.00 OK
r-devel-osx-x86_64 0.5.6 NOTE
r-patched-linux-x86_64 0.5.6 5.05 216.70 221.75 OK
r-patched-solaris-x86 0.5.6 522.10 OK
r-release-linux-x86_64 0.5.6 4.40 240.64 245.04 OK
r-release-windows-ix86+x86_64 0.5.6 17.00 381.00 398.00 OK
r-release-osx-x86_64 0.5.6 NOTE
r-oldrel-windows-ix86+x86_64 0.5.6 17.00 338.00 355.00 OK

Check Details

Version: 0.5.6
Check: package dependencies
Result: NOTE
    Package suggested but not available for checking: ‘HiTC’
Flavor: r-devel-osx-x86_64

Version: 0.5.6
Check: Rd cross-references
Result: NOTE
    Package unavailable to check Rd xrefs: ‘HiTC’
Flavor: r-devel-osx-x86_64

Version: 0.5.6
Check: package dependencies
Result: NOTE
    Packages suggested but not available for checking: ‘HiTC’ ‘snpStats’
Flavor: r-release-osx-x86_64

Version: 0.5.6
Check: Rd cross-references
Result: NOTE
    Packages unavailable to check Rd xrefs: ‘HiTC’, ‘snpStats’
Flavor: r-release-osx-x86_64