CRAN Package Check Results for Package adjclust

Last updated on 2018-07-19 18:49:07 CEST.

Flavor Version Tinstall Tcheck Ttotal Status Flags
r-devel-linux-x86_64-debian-clang 0.5.6 5.83 219.04 224.87 OK
r-devel-linux-x86_64-debian-gcc 0.5.6 4.69 195.99 200.68 OK
r-devel-linux-x86_64-fedora-clang 0.5.6 318.28 OK
r-devel-linux-x86_64-fedora-gcc 0.5.6 299.90 OK
r-devel-windows-ix86+x86_64 0.5.6 12.00 486.00 498.00 OK
r-patched-linux-x86_64 0.5.6 5.79 220.85 226.64 OK
r-patched-solaris-x86 0.5.6 514.90 OK
r-release-linux-x86_64 0.5.6 5.19 224.36 229.55 OK
r-release-windows-ix86+x86_64 0.5.6 17.00 424.00 441.00 OK
r-release-osx-x86_64 0.5.6 NOTE
r-oldrel-windows-ix86+x86_64 0.5.6 17.00 365.00 382.00 OK
r-oldrel-osx-x86_64 0.5.6 NOTE

Check Details

Version: 0.5.6
Check: package dependencies
Result: NOTE
    Package suggested but not available for checking: ‘HiTC’
Flavor: r-release-osx-x86_64

Version: 0.5.6
Check: Rd cross-references
Result: NOTE
    Package unavailable to check Rd xrefs: ‘HiTC’
Flavor: r-release-osx-x86_64

Version: 0.5.6
Check: package dependencies
Result: NOTE
    Packages suggested but not available for checking: ‘HiTC’ ‘snpStats’
Flavor: r-oldrel-osx-x86_64

Version: 0.5.6
Check: Rd cross-references
Result: NOTE
    Packages unavailable to check Rd xrefs: ‘HiTC’, ‘snpStats’
Flavor: r-oldrel-osx-x86_64