Last updated on 2024-05-02 07:10:42 CEST.
Flavor | Version | Tinstall | Tcheck | Ttotal | Status | Flags |
---|---|---|---|---|---|---|
r-devel-linux-x86_64-debian-clang | 0.3.1 | 2.87 | 25.96 | 28.83 | NOTE | |
r-devel-linux-x86_64-debian-gcc | 0.3.1 | 2.03 | 19.65 | 21.68 | NOTE | |
r-devel-linux-x86_64-fedora-clang | 0.3.1 | 35.57 | NOTE | |||
r-devel-linux-x86_64-fedora-gcc | 0.3.1 | 35.49 | NOTE | |||
r-devel-windows-x86_64 | 0.3.1 | 3.00 | 44.00 | 47.00 | NOTE | |
r-patched-linux-x86_64 | 0.3.1 | 3.57 | 24.35 | 27.92 | NOTE | |
r-release-linux-x86_64 | 0.3.1 | 2.34 | 25.12 | 27.46 | NOTE | |
r-release-macos-arm64 | 0.3.1 | 16.00 | NOTE | |||
r-release-windows-x86_64 | 0.3.1 | 4.00 | 45.00 | 49.00 | NOTE | |
r-oldrel-macos-arm64 | 0.3.1 | 18.00 | NOTE | |||
r-oldrel-macos-x86_64 | 0.3.1 | 21.00 | NOTE | |||
r-oldrel-windows-x86_64 | 0.3.1 | 5.00 | 47.00 | 52.00 | NOTE |
Version: 0.3.1
Check: LazyData
Result: NOTE
'LazyData' is specified without a 'data' directory
Flavors: r-devel-linux-x86_64-debian-clang, r-devel-linux-x86_64-debian-gcc, r-devel-linux-x86_64-fedora-clang, r-devel-linux-x86_64-fedora-gcc, r-devel-windows-x86_64, r-patched-linux-x86_64, r-release-linux-x86_64, r-release-macos-arm64, r-release-windows-x86_64, r-oldrel-macos-arm64, r-oldrel-macos-x86_64, r-oldrel-windows-x86_64