Last updated on 2024-04-19 19:50:07 CEST.
Flavor | Version | Tinstall | Tcheck | Ttotal | Status | Flags |
---|---|---|---|---|---|---|
r-devel-linux-x86_64-debian-clang | 0.6-3.4 | 14.54 | 42.15 | 56.69 | NOTE | |
r-devel-linux-x86_64-debian-gcc | 0.6-3.4 | NOTE | ||||
r-devel-linux-x86_64-fedora-clang | 0.6-3.4 | 70.01 | NOTE | |||
r-devel-linux-x86_64-fedora-gcc | 0.6-3.4 | 73.43 | NOTE | |||
r-prerel-macos-arm64 | 0.6-3.4 | 29.00 | NOTE | |||
r-prerel-windows-x86_64 | 0.6-3.4 | 12.00 | 56.00 | 68.00 | NOTE | |
r-patched-linux-x86_64 | 0.6-3.4 | 13.14 | 40.53 | 53.67 | NOTE | |
r-release-linux-x86_64 | 0.6-3.4 | 12.55 | 41.32 | 53.87 | OK | |
r-release-macos-arm64 | 0.6-3.4 | 33.00 | OK | |||
r-release-macos-x86_64 | 0.6-3.4 | 49.00 | NOTE | |||
r-release-windows-x86_64 | 0.6-3.4 | 15.00 | 61.00 | 76.00 | OK | |
r-oldrel-macos-arm64 | 0.6-3.4 | 29.00 | OK | |||
r-oldrel-windows-x86_64 | 0.6-3.4 | 14.00 | 64.00 | 78.00 | OK |
Version: 0.6-3.4
Check: Rd files
Result: NOTE
checkRd: (-1) interpp.Rd:119: Lost braces
119 | If \code{linear} is \\code{TRUE}, linear
| ^
Flavors: r-devel-linux-x86_64-debian-clang, r-devel-linux-x86_64-debian-gcc, r-devel-linux-x86_64-fedora-clang, r-devel-linux-x86_64-fedora-gcc, r-prerel-macos-arm64, r-prerel-windows-x86_64, r-patched-linux-x86_64
Version: 0.6-3.4
Check: package dependencies
Result: NOTE
Package which this enhances but not available for checking: ‘tripack’
Flavor: r-release-macos-x86_64
Version: 0.6-3.4
Check: Rd cross-references
Result: NOTE
Package unavailable to check Rd xrefs: ‘tripack’
Flavor: r-release-macos-x86_64