Last updated on 2024-04-23 06:56:47 CEST.
Flavor | Version | Tinstall | Tcheck | Ttotal | Status | Flags |
---|---|---|---|---|---|---|
r-devel-linux-x86_64-debian-clang | 1.3.3 | 6.67 | 50.93 | 57.60 | OK | |
r-devel-linux-x86_64-debian-gcc | 1.3.3 | 5.36 | 38.18 | 43.54 | OK | |
r-devel-linux-x86_64-fedora-clang | 1.3.3 | 73.36 | NOTE | |||
r-devel-linux-x86_64-fedora-gcc | 1.3.3 | 70.78 | OK | |||
r-prerel-macos-arm64 | 1.3.3 | 24.00 | OK | |||
r-prerel-windows-x86_64 | 1.3.3 | 6.00 | 64.00 | 70.00 | OK | |
r-patched-linux-x86_64 | 1.3.3 | 6.98 | 49.53 | 56.51 | OK | |
r-release-linux-x86_64 | 1.3.3 | 5.70 | 49.22 | 54.92 | OK | |
r-release-macos-arm64 | 1.3.3 | 38.00 | OK | |||
r-release-macos-x86_64 | 1.3.3 | 79.00 | OK | |||
r-release-windows-x86_64 | 1.3.3 | 6.00 | 102.00 | 108.00 | OK | |
r-oldrel-macos-arm64 | 1.3.3 | 29.00 | OK | |||
r-oldrel-windows-x86_64 | 1.3.3 | 11.00 | 74.00 | 85.00 | OK |
Version: 1.3.3
Check: Rd cross-references
Result: NOTE
Undeclared packages ‘geepack’, ‘dispmod’ in Rd xrefs
Flavor: r-devel-linux-x86_64-fedora-clang