Last updated on 2024-04-19 19:50:08 CEST.
Flavor | Version | Tinstall | Tcheck | Ttotal | Status | Flags |
---|---|---|---|---|---|---|
r-devel-linux-x86_64-debian-clang | 0.2.5 | 2.06 | 23.50 | 25.56 | OK | |
r-devel-linux-x86_64-debian-gcc | 0.2.5 | OK | ||||
r-devel-linux-x86_64-fedora-clang | 0.2.5 | 32.92 | NOTE | |||
r-devel-linux-x86_64-fedora-gcc | 0.2.5 | 31.48 | NOTE | |||
r-prerel-macos-arm64 | 0.2.5 | 16.00 | OK | |||
r-prerel-macos-x86_64 | 0.2.5 | 34.00 | OK | |||
r-prerel-windows-x86_64 | 0.2.5 | 3.00 | 40.00 | 43.00 | OK | |
r-patched-linux-x86_64 | 0.2.5 | 2.44 | 23.11 | 25.55 | OK | |
r-release-linux-x86_64 | 0.2.5 | 1.93 | 22.20 | 24.13 | OK | |
r-release-macos-arm64 | 0.2.5 | 22.00 | OK | |||
r-release-macos-x86_64 | 0.2.5 | 33.00 | OK | |||
r-release-windows-x86_64 | 0.2.5 | 4.00 | 40.00 | 44.00 | OK | |
r-oldrel-macos-arm64 | 0.2.5 | 23.00 | OK | |||
r-oldrel-windows-x86_64 | 0.2.5 | 4.00 | 42.00 | 46.00 | OK |
Version: 0.2.5
Check: dependencies in R code
Result: NOTE
Namespace in Imports field not imported from: ‘pls’
All declared Imports should be used.
Flavors: r-devel-linux-x86_64-fedora-clang, r-devel-linux-x86_64-fedora-gcc