Last updated on 2024-04-18 06:57:33 CEST.
Flavor | Version | Tinstall | Tcheck | Ttotal | Status | Flags |
---|---|---|---|---|---|---|
r-devel-linux-x86_64-debian-clang | 0.4.1 | 2.16 | 23.14 | 25.30 | OK | |
r-devel-linux-x86_64-debian-gcc | 0.4.1 | 2.23 | 18.07 | 20.30 | OK | |
r-devel-linux-x86_64-fedora-clang | 0.4.1 | 33.44 | NOTE | |||
r-devel-linux-x86_64-fedora-gcc | 0.4.1 | 31.93 | NOTE | |||
r-prerel-macos-arm64 | 0.4.1 | 15.00 | OK | |||
r-prerel-windows-x86_64 | 0.4.1 | 3.00 | 40.00 | 43.00 | OK | |
r-patched-linux-x86_64 | 0.4.1 | 2.90 | 22.61 | 25.51 | OK | |
r-release-linux-x86_64 | 0.4.1 | 2.34 | 22.06 | 24.40 | OK | |
r-release-macos-arm64 | 0.4.1 | 17.00 | OK | |||
r-release-macos-x86_64 | 0.4.1 | 19.00 | OK | |||
r-release-windows-x86_64 | 0.4.1 | 4.00 | 40.00 | 44.00 | OK | |
r-oldrel-macos-arm64 | 0.4.1 | 17.00 | NOTE | |||
r-oldrel-windows-x86_64 | 0.4.1 | 5.00 | 43.00 | 48.00 | OK |
Version: 0.4.1
Check: dependencies in R code
Result: NOTE
Namespace in Imports field not imported from: ‘testthat’
All declared Imports should be used.
Flavors: r-devel-linux-x86_64-fedora-clang, r-devel-linux-x86_64-fedora-gcc, r-oldrel-macos-arm64