Last updated on 2024-05-07 18:49:37 CEST.
Flavor | Version | Tinstall | Tcheck | Ttotal | Status | Flags |
---|---|---|---|---|---|---|
r-devel-linux-x86_64-debian-clang | 2.6.2 | 27.09 | 230.28 | 257.37 | OK | |
r-devel-linux-x86_64-debian-gcc | 2.6.2 | 20.13 | 164.63 | 184.76 | OK | |
r-devel-linux-x86_64-fedora-clang | 2.7.7 | 351.16 | NOTE | |||
r-devel-linux-x86_64-fedora-gcc | 2.7.7 | 347.24 | OK | |||
r-devel-windows-x86_64 | 2.6.2 | 20.00 | 188.00 | 208.00 | NOTE | |
r-patched-linux-x86_64 | 2.6.2 | 25.85 | 219.14 | 244.99 | OK | |
r-release-linux-x86_64 | 2.6.2 | 20.93 | 211.83 | 232.76 | OK | |
r-release-macos-arm64 | 2.7.7 | 115.00 | NOTE | |||
r-release-macos-x86_64 | 2.7.7 | 300.00 | NOTE | |||
r-release-windows-x86_64 | 2.7.7 | 23.00 | 229.00 | 252.00 | NOTE | |
r-oldrel-macos-arm64 | 2.7.7 | 128.00 | NOTE | |||
r-oldrel-macos-x86_64 | 2.7.7 | 242.00 | NOTE | |||
r-oldrel-windows-x86_64 | 2.6.2 | 26.00 | 235.00 | 261.00 | NOTE |
Version: 2.7.7
Check: installed package size
Result: NOTE
installed size is 7.1Mb
sub-directories of 1Mb or more:
extdata 5.5Mb
Flavors: r-devel-linux-x86_64-fedora-clang, r-release-macos-arm64, r-release-macos-x86_64, r-release-windows-x86_64, r-oldrel-macos-arm64, r-oldrel-macos-x86_64
Version: 2.6.2
Check: installed package size
Result: NOTE
installed size is 6.8Mb
sub-directories of 1Mb or more:
extdata 5.4Mb
Flavors: r-devel-windows-x86_64, r-oldrel-windows-x86_64