Last updated on 2024-04-19 19:50:08 CEST.
Flavor | Version | Tinstall | Tcheck | Ttotal | Status | Flags |
---|---|---|---|---|---|---|
r-devel-linux-x86_64-debian-clang | 2.0.2 | 22.55 | 489.10 | 511.65 | OK | |
r-devel-linux-x86_64-debian-gcc | 2.0.2 | OK | ||||
r-devel-linux-x86_64-fedora-clang | 2.0.3 | 691.77 | NOTE | |||
r-devel-linux-x86_64-fedora-gcc | 2.0.3 | 626.50 | OK | |||
r-prerel-macos-arm64 | 2.0.3 | 160.00 | NOTE | |||
r-prerel-macos-x86_64 | 2.0.3 | 480.00 | NOTE | |||
r-prerel-windows-x86_64 | 2.0.3 | 32.00 | 364.00 | 396.00 | NOTE | |
r-patched-linux-x86_64 | 2.0.2 | 31.65 | 501.55 | 533.20 | OK | |
r-release-linux-x86_64 | 2.0.2 | 26.80 | 502.94 | 529.74 | OK | |
r-release-macos-arm64 | 2.0.3 | 159.00 | NOTE | |||
r-release-macos-x86_64 | 2.0.3 | 418.00 | NOTE | |||
r-release-windows-x86_64 | 2.0.2 | 35.00 | 492.00 | 527.00 | NOTE | |
r-oldrel-macos-arm64 | 2.0.3 | 171.00 | NOTE | |||
r-oldrel-windows-x86_64 | 2.0.2 | 39.00 | 435.00 | 474.00 | NOTE |
Version: 2.0.3
Check: installed package size
Result: NOTE
installed size is 5.5Mb
sub-directories of 1Mb or more:
R 1.3Mb
data 1.6Mb
doc 1.8Mb
Flavors: r-devel-linux-x86_64-fedora-clang, r-prerel-macos-arm64, r-prerel-macos-x86_64, r-prerel-windows-x86_64, r-release-macos-arm64, r-release-macos-x86_64, r-oldrel-macos-arm64
Version: 2.0.2
Check: installed package size
Result: NOTE
installed size is 5.4Mb
sub-directories of 1Mb or more:
R 1.2Mb
data 1.6Mb
doc 1.7Mb
Flavors: r-release-windows-x86_64, r-oldrel-windows-x86_64