Last updated on 2024-03-28 17:49:21 CET.
Flavor | Version | Tinstall | Tcheck | Ttotal | Status | Flags |
---|---|---|---|---|---|---|
r-devel-linux-x86_64-debian-clang | 2.3.6 | 9.66 | 100.55 | 110.21 | OK | |
r-devel-linux-x86_64-debian-gcc | 2.3.6 | 8.53 | 74.48 | 83.01 | OK | |
r-devel-linux-x86_64-fedora-clang | 2.3.6 | 135.49 | NOTE | |||
r-devel-linux-x86_64-fedora-gcc | 2.3.6 | 143.58 | OK | |||
r-devel-windows-x86_64 | 2.3.6 | 11.00 | 106.00 | 117.00 | OK | |
r-patched-linux-x86_64 | 2.3.6 | 13.13 | 94.58 | 107.71 | OK | |
r-release-linux-x86_64 | 2.3.6 | 11.08 | 94.58 | 105.66 | OK | |
r-release-macos-arm64 | 2.3.6 | 48.00 | OK | |||
r-release-macos-x86_64 | 2.3.6 | 75.00 | OK | |||
r-release-windows-x86_64 | 2.3.6 | 13.00 | 124.00 | 137.00 | OK | |
r-oldrel-macos-arm64 | 2.3.6 | 38.00 | OK | |||
r-oldrel-windows-x86_64 | 2.3.6 | 13.00 | 123.00 | 136.00 | OK |
Version: 2.3.6
Check: Rd cross-references
Result: NOTE
Undeclared package ‘rmarkdown’ in Rd xrefs
Flavor: r-devel-linux-x86_64-fedora-clang