CRAN Package Check Results for Package bamdit

Last updated on 2018-10-21 06:46:26 CEST.

Flavor Version Tinstall Tcheck Ttotal Status Flags
r-devel-linux-x86_64-debian-clang 3.2.1 3.99 40.00 43.99 OK
r-devel-linux-x86_64-debian-gcc 3.2.1 3.45 38.51 41.96 OK
r-devel-linux-x86_64-fedora-clang 3.2.1 55.57 OK
r-devel-linux-x86_64-fedora-gcc 3.2.1 45.88 OK
r-devel-windows-ix86+x86_64 3.2.1 20.00 91.00 111.00 OK
r-patched-linux-x86_64 3.2.1 3.41 33.96 37.37 OK
r-patched-solaris-x86 3.2.1 79.30 OK
r-release-linux-x86_64 3.2.1 0.34 1.62 1.96 ERROR
r-release-windows-ix86+x86_64 3.2.1 13.00 78.00 91.00 OK
r-release-osx-x86_64 3.2.1 OK
r-oldrel-windows-ix86+x86_64 3.2.1 7.00 68.00 75.00 OK
r-oldrel-osx-x86_64 3.2.1 OK

Check Details

Version: 3.2.1
Check: package dependencies
Result: ERROR
    Package required but not available: ‘ggExtra’
    
    See section ‘The DESCRIPTION file’ in the ‘Writing R Extensions’
    manual.
Flavor: r-release-linux-x86_64