Last updated on 2024-04-18 18:57:26 CEST.
Flavor | Version | Tinstall | Tcheck | Ttotal | Status | Flags |
---|---|---|---|---|---|---|
r-devel-linux-x86_64-debian-clang | 0.3.0 | 102.54 | 30.56 | 133.10 | OK | |
r-devel-linux-x86_64-debian-gcc | 0.3.0 | 86.02 | 29.38 | 115.40 | OK | |
r-devel-linux-x86_64-fedora-clang | 0.3.0 | 167.22 | OK | |||
r-devel-linux-x86_64-fedora-gcc | 0.3.0 | 199.67 | OK | |||
r-prerel-macos-arm64 | 0.3.0 | 43.00 | NOTE | |||
r-prerel-windows-x86_64 | 0.3.0 | 75.00 | 65.00 | 140.00 | OK | |
r-patched-linux-x86_64 | 0.3.0 | 107.30 | 37.37 | 144.67 | OK | |
r-release-linux-x86_64 | 0.3.0 | 112.76 | 36.54 | 149.30 | OK | |
r-release-macos-arm64 | 0.3.0 | 48.00 | NOTE | |||
r-release-macos-x86_64 | 0.3.0 | 69.00 | NOTE | |||
r-release-windows-x86_64 | 0.3.0 | 91.00 | 77.00 | 168.00 | OK | |
r-oldrel-macos-arm64 | 0.3.0 | 50.00 | NOTE | |||
r-oldrel-windows-x86_64 | 0.3.0 | 85.00 | 79.00 | 164.00 | OK |
Version: 0.3.0
Check: installed package size
Result: NOTE
installed size is 19.7Mb
sub-directories of 1Mb or more:
libs 19.6Mb
Flavors: r-prerel-macos-arm64, r-release-macos-arm64, r-release-macos-x86_64, r-oldrel-macos-arm64