Last updated on 2024-03-28 17:49:22 CET.
Flavor | Version | Tinstall | Tcheck | Ttotal | Status | Flags |
---|---|---|---|---|---|---|
r-devel-linux-x86_64-debian-clang | 1.1.3 | 25.71 | 92.29 | 118.00 | NOTE | |
r-devel-linux-x86_64-debian-gcc | 1.1.3 | 15.91 | 71.01 | 86.92 | NOTE | |
r-devel-linux-x86_64-fedora-clang | 1.1.3 | 163.48 | NOTE | |||
r-devel-linux-x86_64-fedora-gcc | 1.1.3 | 165.16 | NOTE | |||
r-devel-windows-x86_64 | 1.1.3 | 20.00 | 114.00 | 134.00 | NOTE | |
r-patched-linux-x86_64 | 1.1.3 | 20.42 | 90.49 | 110.91 | NOTE | |
r-release-linux-x86_64 | 1.1.3 | 19.44 | 88.11 | 107.55 | OK | |
r-release-macos-arm64 | 1.1.3 | 55.00 | OK | |||
r-release-macos-x86_64 | 1.1.3 | 84.00 | OK | |||
r-release-windows-x86_64 | 1.1.3 | 26.00 | 127.00 | 153.00 | OK | |
r-oldrel-macos-arm64 | 1.1.3 | 51.00 | OK | |||
r-oldrel-windows-x86_64 | 1.1.3 | 24.00 | 131.00 | 155.00 | OK |
Version: 1.1.3
Check: Rd files
Result: NOTE
checkRd: (-1) plotDistributions.Rd:32: Lost braces
32 | plot{...} functions are generated programmatically so the function calls in
| ^
Flavors: r-devel-linux-x86_64-debian-clang, r-devel-linux-x86_64-debian-gcc, r-devel-linux-x86_64-fedora-clang, r-devel-linux-x86_64-fedora-gcc, r-devel-windows-x86_64, r-patched-linux-x86_64