Last updated on 2024-03-28 17:49:22 CET.
Flavor | Version | Tinstall | Tcheck | Ttotal | Status | Flags |
---|---|---|---|---|---|---|
r-devel-linux-x86_64-debian-clang | 3.7 | 157.92 | 135.80 | 293.72 | OK | |
r-devel-linux-x86_64-debian-gcc | 3.7 | 127.85 | 97.47 | 225.32 | OK | |
r-devel-linux-x86_64-fedora-clang | 3.7 | 489.83 | NOTE | |||
r-devel-linux-x86_64-fedora-gcc | 3.7 | 404.81 | OK | |||
r-devel-windows-x86_64 | 3.7 | 144.00 | 145.00 | 289.00 | OK | |
r-patched-linux-x86_64 | 3.7 | 158.99 | 129.55 | 288.54 | OK | |
r-release-linux-x86_64 | 3.7 | 152.98 | 130.68 | 283.66 | OK | |
r-release-macos-arm64 | 3.7 | 99.00 | NOTE | |||
r-release-macos-x86_64 | 3.7 | 139.00 | NOTE | |||
r-release-windows-x86_64 | 3.7 | 163.00 | 176.00 | 339.00 | OK | |
r-oldrel-macos-arm64 | 3.7 | 91.00 | NOTE | |||
r-oldrel-windows-x86_64 | 3.7 | 140.00 | 158.00 | 298.00 | OK |
Version: 3.7
Check: Rd cross-references
Result: NOTE
Undeclared package ‘mvtnorm’ in Rd xrefs
Flavor: r-devel-linux-x86_64-fedora-clang
Version: 3.7
Check: installed package size
Result: NOTE
installed size is 5.9Mb
sub-directories of 1Mb or more:
libs 4.7Mb
Flavors: r-release-macos-arm64, r-release-macos-x86_64, r-oldrel-macos-arm64