Last updated on 2024-05-07 18:49:38 CEST.
Flavor | Version | Tinstall | Tcheck | Ttotal | Status | Flags |
---|---|---|---|---|---|---|
r-devel-linux-x86_64-debian-clang | 1.0.1 | 883.98 | 431.62 | 1315.60 | NOTE | |
r-devel-linux-x86_64-debian-gcc | 1.0.1 | 767.39 | 382.78 | 1150.17 | NOTE | |
r-devel-linux-x86_64-fedora-clang | 1.0.1 | 1516.66 | NOTE | |||
r-devel-linux-x86_64-fedora-gcc | 1.0.1 | 2237.47 | NOTE | |||
r-devel-windows-x86_64 | 1.0.1 | 628.00 | 392.00 | 1020.00 | NOTE | |
r-patched-linux-x86_64 | 1.0.1 | 0.42 | 2.30 | 2.72 | ERROR | |
r-release-linux-x86_64 | 1.0.1 | 743.04 | 512.50 | 1255.54 | NOTE | |
r-release-macos-arm64 | 1.0.1 | 420.00 | NOTE | |||
r-release-windows-x86_64 | 1.0.1 | 601.00 | 390.00 | 991.00 | NOTE | |
r-oldrel-macos-arm64 | 1.0.1 | 364.00 | NOTE | |||
r-oldrel-macos-x86_64 | 1.0.1 | 568.00 | NOTE | |||
r-oldrel-windows-x86_64 | 1.0.1 | 813.00 | 495.00 | 1308.00 | NOTE |
Version: 1.0.1
Check: for GNU extensions in Makefiles
Result: NOTE
GNU make is a SystemRequirements.
Flavors: r-devel-linux-x86_64-debian-clang, r-devel-linux-x86_64-debian-gcc, r-devel-linux-x86_64-fedora-clang, r-devel-linux-x86_64-fedora-gcc, r-devel-windows-x86_64, r-release-linux-x86_64, r-release-macos-arm64, r-release-windows-x86_64, r-oldrel-macos-arm64, r-oldrel-macos-x86_64, r-oldrel-windows-x86_64
Version: 1.0.1
Check: installed package size
Result: NOTE
installed size is 9.5Mb
sub-directories of 1Mb or more:
libs 8.0Mb
Flavors: r-devel-linux-x86_64-fedora-clang, r-devel-windows-x86_64, r-release-macos-arm64, r-release-windows-x86_64, r-oldrel-macos-arm64, r-oldrel-macos-x86_64, r-oldrel-windows-x86_64
Version: 1.0.1
Check: dependencies in R code
Result: NOTE
Namespaces in Imports field not imported from:
‘RcppParallel’ ‘StanHeaders’ ‘astsa’
All declared Imports should be used.
Flavors: r-devel-linux-x86_64-fedora-clang, r-devel-linux-x86_64-fedora-gcc
Version: 1.0.1
Check: package dependencies
Result: ERROR
Package required but not available: ‘prophet’
See section ‘The DESCRIPTION file’ in the ‘Writing R Extensions’
manual.
Flavor: r-patched-linux-x86_64