Last updated on 2024-05-07 06:55:44 CEST.
Flavor | Version | Tinstall | Tcheck | Ttotal | Status | Flags |
---|---|---|---|---|---|---|
r-devel-linux-x86_64-debian-clang | 0.3.0 | 205.39 | 230.88 | 436.27 | NOTE | |
r-devel-linux-x86_64-debian-gcc | 0.3.0 | 166.60 | 181.19 | 347.79 | NOTE | |
r-devel-linux-x86_64-fedora-clang | 0.3.0 | 521.37 | NOTE | |||
r-devel-linux-x86_64-fedora-gcc | 0.3.0 | 744.55 | NOTE | |||
r-devel-windows-x86_64 | 0.3.0 | 152.00 | 215.00 | 367.00 | NOTE | |
r-patched-linux-x86_64 | 0.3.0 | 162.23 | 236.17 | 398.40 | NOTE | |
r-release-linux-x86_64 | 0.3.0 | 160.06 | 235.53 | 395.59 | NOTE | |
r-release-macos-arm64 | 0.3.0 | 127.00 | NOTE | |||
r-release-windows-x86_64 | 0.3.0 | 148.00 | 211.00 | 359.00 | NOTE | |
r-oldrel-macos-arm64 | 0.3.0 | 223.00 | NOTE | |||
r-oldrel-macos-x86_64 | 0.3.0 | 344.00 | NOTE | |||
r-oldrel-windows-x86_64 | 0.3.0 | 178.00 | 265.00 | 443.00 | NOTE |
Version: 0.3.0
Check: for GNU extensions in Makefiles
Result: NOTE
GNU make is a SystemRequirements.
Flavors: r-devel-linux-x86_64-debian-clang, r-devel-linux-x86_64-debian-gcc, r-devel-linux-x86_64-fedora-clang, r-devel-linux-x86_64-fedora-gcc, r-devel-windows-x86_64, r-patched-linux-x86_64, r-release-linux-x86_64, r-release-macos-arm64, r-release-windows-x86_64, r-oldrel-macos-arm64, r-oldrel-macos-x86_64, r-oldrel-windows-x86_64
Version: 0.3.0
Check: Rd cross-references
Result: NOTE
Undeclared package ‘tibble’ in Rd xrefs
Flavor: r-devel-linux-x86_64-fedora-clang
Version: 0.3.0
Check: installed package size
Result: NOTE
installed size is 43.4Mb
sub-directories of 1Mb or more:
libs 42.8Mb
Flavors: r-release-macos-arm64, r-oldrel-macos-arm64, r-oldrel-macos-x86_64